{"id":3399,"date":"2023-09-26T10:00:50","date_gmt":"2023-09-26T08:00:50","guid":{"rendered":"https:\/\/www.tatwortimnetz.de\/Kunst\/?post_type=tribe_events&#038;p=3399"},"modified":"2023-09-26T10:00:50","modified_gmt":"2023-09-26T08:00:50","slug":"esra-ersen-a-possible-history","status":"publish","type":"tribe_events","link":"http:\/\/www.tatwortimnetz.de\/Kunst\/event\/esra-ersen-a-possible-history\/","title":{"rendered":"Esra Ersen. A possible history."},"content":{"rendered":"<p>Der Landschaftsverband Westfalen-Lippe verleiht den Konradvon-<br \/>\nSoest-Preis in H\u00f6he von 35.000 Euro alle f\u00fcnf Jahre an eine:n<br \/>\nK\u00fcnstler:in f\u00fcr besondere Leistungen auf dem Gebiet der Bildenden<br \/>\nKunst. 2023 hat eine Fachjury die K\u00fcnstlerin Esra Ersen als Preistr\u00e4gerin<br \/>\nausgew\u00e4hlt. Das Museum richtet zu diesem Anlass im Lichthof<br \/>\neine Ausstellung mit der Preistr\u00e4gerin aus, die von thematischen<br \/>\nVeranstaltungen flankiert wird.<br \/>\nEsra Ersen thematisiert in Fotografien, Videos und Installationen die<br \/>\nBeziehung zwischen Individuum und Gesellschaft. Im Zentrum der<br \/>\nk\u00fcnstlerischen Auseinandersetzung stehen Fragen zu Geschichte<br \/>\nund historischen Perspektiven sowie die Kluft zwischen m\u00fcndlicher<br \/>\n\u00dcberlieferung und kollektiver Erinnerung. Die Frage nach Identit\u00e4t<br \/>\nund wie diese konstruiert wird, kommt in ihrer k\u00fcnstlerischen Praxis<br \/>\nimmer wieder zum Tragen: Sowohl auf heitere als auch subversive<br \/>\nWeise sucht sie Begegnungen mit Gemeinschaften wie Jugendbanden,<br \/>\nSchulklassen, Gefl\u00fcchteten oder Migrant:innen.<\/p>\n<p><strong>\u00d6ffnungszeiten:<\/strong><\/p>\n<p><strong>Dienstag bis Sonntag und an Feiertagen 10.00 bis\u00a0<\/strong><strong>18.00 Uhr<\/strong><\/p>\n<p>&nbsp;<\/p>\n<p><strong>Langer Freitag<\/strong><\/p>\n<p>Am 2. Freitag im Monat ist das Museum bis 24 Uhr ge\u00f6ffnet. Der Eintritt ist an diesem Tag ab 18 Uhr frei.<\/p>\n<p>Weihnachten<\/p>\n<p>24.12. geschlossen<\/p>\n<p>25.12. geschlossen<\/p>\n<p>26.12. ge\u00f6ffnet<\/p>\n<p>&nbsp;<\/p>\n<p>Silvester und Neujahr<\/p>\n<p>31.12. geschlossen<\/p>\n<p>01.01. ge\u00f6ffnet<\/p>\n<p>&nbsp;<\/p>\n","protected":false},"excerpt":{"rendered":"<p>Der Landschaftsverband Westfalen-Lippe verleiht den Konradvon- Soest-Preis in H\u00f6he von 35.000 Euro alle f\u00fcnf Jahre an eine:n K\u00fcnstler:in f\u00fcr besondere Leistungen auf dem Gebiet der Bildenden Kunst. 2023 hat eine [&hellip;]<\/p>\n","protected":false},"author":1,"featured_media":3400,"comment_status":"open","ping_status":"closed","template":"","meta":{"_tribe_events_status":"","_tribe_events_status_reason":"","footnotes":""},"tags":[],"tribe_events_cat":[],"class_list":["post-3399","tribe_events","type-tribe_events","status-publish","has-post-thumbnail","hentry"],"_links":{"self":[{"href":"http:\/\/www.tatwortimnetz.de\/Kunst\/wp-json\/wp\/v2\/tribe_events\/3399","targetHints":{"allow":["GET"]}}],"collection":[{"href":"http:\/\/www.tatwortimnetz.de\/Kunst\/wp-json\/wp\/v2\/tribe_events"}],"about":[{"href":"http:\/\/www.tatwortimnetz.de\/Kunst\/wp-json\/wp\/v2\/types\/tribe_events"}],"author":[{"embeddable":true,"href":"http:\/\/www.tatwortimnetz.de\/Kunst\/wp-json\/wp\/v2\/users\/1"}],"replies":[{"embeddable":true,"href":"http:\/\/www.tatwortimnetz.de\/Kunst\/wp-json\/wp\/v2\/comments?post=3399"}],"version-history":[{"count":1,"href":"http:\/\/www.tatwortimnetz.de\/Kunst\/wp-json\/wp\/v2\/tribe_events\/3399\/revisions"}],"predecessor-version":[{"id":3401,"href":"http:\/\/www.tatwortimnetz.de\/Kunst\/wp-json\/wp\/v2\/tribe_events\/3399\/revisions\/3401"}],"wp:featuredmedia":[{"embeddable":true,"href":"http:\/\/www.tatwortimnetz.de\/Kunst\/wp-json\/wp\/v2\/media\/3400"}],"wp:attachment":[{"href":"http:\/\/www.tatwortimnetz.de\/Kunst\/wp-json\/wp\/v2\/media?parent=3399"}],"wp:term":[{"taxonomy":"post_tag","embeddable":true,"href":"http:\/\/www.tatwortimnetz.de\/Kunst\/wp-json\/wp\/v2\/tags?post=3399"},{"taxonomy":"tribe_events_cat","embeddable":true,"href":"http:\/\/www.tatwortimnetz.de\/Kunst\/wp-json\/wp\/v2\/tribe_events_cat?post=3399"}],"curies":[{"name":"wp","href":"https:\/\/api.w.org\/{rel}","templated":true}]}}

<p>Der Landschaftsverband Westfalen-Lippe verleiht den Konradvon-<br />
Soest-Preis in Höhe von 35.000 Euro alle fünf Jahre an eine:n<br />
Künstler:in für besondere Leistungen auf dem Gebiet der Bildenden<br />
Kunst. 2023 hat eine Fachjury die Künstlerin Esra Ersen als Preisträgerin<br />
ausgewählt. Das Museum richtet zu diesem Anlass im Lichthof<br />
eine Ausstellung mit der Preisträgerin aus, die von thematischen<br />
Veranstaltungen flankiert wird.<br />
Esra Ersen thematisiert in Fotografien, Videos und Installationen die<br />
Beziehung zwischen Individuum und Gesellschaft. Im Zentrum der<br />
künstlerischen Auseinandersetzung stehen Fragen zu Geschichte<br />
und historischen Perspektiven sowie die Kluft zwischen mündlicher<br />
Überlieferung und kollektiver Erinnerung. Die Frage nach Identität<br />
und wie diese konstruiert wird, kommt in ihrer künstlerischen Praxis<br />
immer wieder zum Tragen: Sowohl auf heitere als auch subversive<br />
Weise sucht sie Begegnungen mit Gemeinschaften wie Jugendbanden,<br />
Schulklassen, Geflüchteten oder Migrant:innen.</p>
<p><strong>Öffnungszeiten:</strong></p>
<p><strong>Dienstag bis Sonntag und an Feiertagen 10.00 bis </strong><strong>18.00 Uhr</strong></p>
<p>&nbsp;</p>
<p><strong>Langer Freitag</strong></p>
<p>Am 2. Freitag im Monat ist das Museum bis 24 Uhr geöffnet. Der Eintritt ist an diesem Tag ab 18 Uhr frei.</p>
<p>Weihnachten</p>
<p>24.12. geschlossen</p>
<p>25.12. geschlossen</p>
<p>26.12. geöffnet</p>
<p>&nbsp;</p>
<p>Silvester und Neujahr</p>
<p>31.12. geschlossen</p>
<p>01.01. geöffnet</p>
<p>&nbsp;</p>

<p>Der Landschaftsverband Westfalen-Lippe verleiht den Konradvon- Soest-Preis in Höhe von 35.000 Euro alle fünf Jahre an eine:n Künstler:in für besondere Leistungen auf dem Gebiet der Bildenden Kunst. 2023 hat eine [&hellip;]</p>
