{"id":4467,"date":"2025-01-07T12:21:15","date_gmt":"2025-01-07T11:21:15","guid":{"rendered":"https:\/\/www.tatwortimnetz.de\/Kunst\/?post_type=tribe_events&#038;p=4467"},"modified":"2025-01-07T12:23:57","modified_gmt":"2025-01-07T11:23:57","slug":"rundgang-2025-kunstakademie-muenster","status":"publish","type":"tribe_events","link":"http:\/\/www.tatwortimnetz.de\/Kunst\/event\/rundgang-2025-kunstakademie-muenster\/","title":{"rendered":"Rundgang 2025. Kunstakademie M\u00fcnster"},"content":{"rendered":"<p>Der Rundgang 2025, die gro\u00dfe Jahresausstellung der Kunstakademie M\u00fcnster, findet vom 29.01.2025 bis 02.02.2025 statt.<\/p>\n<p>Er\u00f6ffnung: Mittwoch, 29.01.2025, 19:00 \u2013 22:30 Uhr.<img loading=\"lazy\" decoding=\"async\" class=\"alignleft wp-image-4468 size-full\" src=\"http:\/\/www.tatwortimnetz.de\/Kunst\/wp-content\/uploads\/2025\/01\/csm_Rundgang_2025_Header_Webseite_13923d0598.jpg\" alt=\"\" width=\"940\" height=\"292\" srcset=\"http:\/\/www.tatwortimnetz.de\/Kunst\/wp-content\/uploads\/2025\/01\/csm_Rundgang_2025_Header_Webseite_13923d0598.jpg 940w, http:\/\/www.tatwortimnetz.de\/Kunst\/wp-content\/uploads\/2025\/01\/csm_Rundgang_2025_Header_Webseite_13923d0598-300x93.jpg 300w, http:\/\/www.tatwortimnetz.de\/Kunst\/wp-content\/uploads\/2025\/01\/csm_Rundgang_2025_Header_Webseite_13923d0598-768x239.jpg 768w\" sizes=\"auto, (max-width: 940px) 100vw, 940px\" \/><\/p>\n<p>&nbsp;<\/p>\n<p>&nbsp;<\/p>\n<p>\u00d6ffnungszeiten: Donnerstag bis Sonntag jeweils von 10:00 bis 20:00 Uhr.<\/p>\n","protected":false},"excerpt":{"rendered":"<p>Der Rundgang 2025, die gro\u00dfe Jahresausstellung der Kunstakademie M\u00fcnster, findet vom 29.01.2025 bis 02.02.2025 statt. Er\u00f6ffnung: Mittwoch, 29.01.2025, 19:00 \u2013 22:30 Uhr. &nbsp; &nbsp; \u00d6ffnungszeiten: Donnerstag bis Sonntag jeweils von [&hellip;]<\/p>\n","protected":false},"author":1,"featured_media":4470,"comment_status":"open","ping_status":"closed","template":"","meta":{"_tribe_events_status":"","_tribe_events_status_reason":"","footnotes":""},"tags":[],"tribe_events_cat":[],"class_list":["post-4467","tribe_events","type-tribe_events","status-publish","has-post-thumbnail","hentry"],"_links":{"self":[{"href":"http:\/\/www.tatwortimnetz.de\/Kunst\/wp-json\/wp\/v2\/tribe_events\/4467","targetHints":{"allow":["GET"]}}],"collection":[{"href":"http:\/\/www.tatwortimnetz.de\/Kunst\/wp-json\/wp\/v2\/tribe_events"}],"about":[{"href":"http:\/\/www.tatwortimnetz.de\/Kunst\/wp-json\/wp\/v2\/types\/tribe_events"}],"author":[{"embeddable":true,"href":"http:\/\/www.tatwortimnetz.de\/Kunst\/wp-json\/wp\/v2\/users\/1"}],"replies":[{"embeddable":true,"href":"http:\/\/www.tatwortimnetz.de\/Kunst\/wp-json\/wp\/v2\/comments?post=4467"}],"version-history":[{"count":1,"href":"http:\/\/www.tatwortimnetz.de\/Kunst\/wp-json\/wp\/v2\/tribe_events\/4467\/revisions"}],"predecessor-version":[{"id":4469,"href":"http:\/\/www.tatwortimnetz.de\/Kunst\/wp-json\/wp\/v2\/tribe_events\/4467\/revisions\/4469"}],"wp:featuredmedia":[{"embeddable":true,"href":"http:\/\/www.tatwortimnetz.de\/Kunst\/wp-json\/wp\/v2\/media\/4470"}],"wp:attachment":[{"href":"http:\/\/www.tatwortimnetz.de\/Kunst\/wp-json\/wp\/v2\/media?parent=4467"}],"wp:term":[{"taxonomy":"post_tag","embeddable":true,"href":"http:\/\/www.tatwortimnetz.de\/Kunst\/wp-json\/wp\/v2\/tags?post=4467"},{"taxonomy":"tribe_events_cat","embeddable":true,"href":"http:\/\/www.tatwortimnetz.de\/Kunst\/wp-json\/wp\/v2\/tribe_events_cat?post=4467"}],"curies":[{"name":"wp","href":"https:\/\/api.w.org\/{rel}","templated":true}]}}

Rundgang 2025. Kunstakademie Münster

<p>Der Rundgang 2025, die große Jahresausstellung der Kunstakademie Münster, findet vom 29.01.2025 bis 02.02.2025 statt.</p>
<p>Eröffnung: Mittwoch, 29.01.2025, 19:00 – 22:30 Uhr.<img loading="lazy" decoding="async" class="alignleft wp-image-4468 size-full" src="http://www.tatwortimnetz.de/Kunst/wp-content/uploads/2025/01/csm_Rundgang_2025_Header_Webseite_13923d0598.jpg" alt="" width="940" height="292" srcset="http://www.tatwortimnetz.de/Kunst/wp-content/uploads/2025/01/csm_Rundgang_2025_Header_Webseite_13923d0598.jpg 940w, http://www.tatwortimnetz.de/Kunst/wp-content/uploads/2025/01/csm_Rundgang_2025_Header_Webseite_13923d0598-300x93.jpg 300w, http://www.tatwortimnetz.de/Kunst/wp-content/uploads/2025/01/csm_Rundgang_2025_Header_Webseite_13923d0598-768x239.jpg 768w" sizes="auto, (max-width: 940px) 100vw, 940px" /></p>
<p>&nbsp;</p>
<p>&nbsp;</p>
<p>Öffnungszeiten: Donnerstag bis Sonntag jeweils von 10:00 bis 20:00 Uhr.</p>

<p>Der Rundgang 2025, die große Jahresausstellung der Kunstakademie Münster, findet vom 29.01.2025 bis 02.02.2025 statt. Eröffnung: Mittwoch, 29.01.2025, 19:00 – 22:30 Uhr. &nbsp; &nbsp; Öffnungszeiten: Donnerstag bis Sonntag jeweils von [&hellip;]</p>
