{"id":4663,"date":"2025-03-02T10:28:34","date_gmt":"2025-03-02T09:28:34","guid":{"rendered":"https:\/\/www.tatwortimnetz.de\/Kunst\/?post_type=tribe_events&#038;p=4663"},"modified":"2025-03-02T10:29:22","modified_gmt":"2025-03-02T09:29:22","slug":"ctc-finger-weg-kirsten-und-peter-kaiser","status":"publish","type":"tribe_events","link":"http:\/\/www.tatwortimnetz.de\/Kunst\/event\/ctc-finger-weg-kirsten-und-peter-kaiser\/","title":{"rendered":"CTC &#8222;Finger weg&#8220; Kirsten und Peter Kaiser."},"content":{"rendered":"<h4>CTC (come to Candia)<br \/>\nInstallaton f\u00fcr die Galerie no cube.<br \/>\n<strong>Titel \u201eFinger weg!\u201c<\/strong><br \/>\nKirsten Kaiser und Peter Kaiser<\/h4>\n<p>Das K\u00fcnstlerpaar selbst beschreibt ihr k\u00fcnstlerisches Projekt etwas r\u00e4tselhaft:<br \/>\n\u201eErleben Sie die Spannung des Nicht-Anfassens in einer Welt, die so sehr von Tasten gepr\u00e4gt ist.<br \/>\nBehalten Sie Ihre H\u00e4nde bei sich w\u00e4hrend Sie die Ausstellung sehen.<br \/>\nEs ist fast so, als w\u00e4re das Betrachten allein schon eine Kunstform.\u201c<br \/>\nIm Winter lud Candia Neumann Kirsten Kaiser und Peter Kaiser in den no cube, um hier eine neue Ausstellung zu<br \/>\nrealisieren. Jetzt steht die Er\u00f6ffnung vor der T\u00fcr und es wird spannend, denn die Kaisers planen eine ortsbezogene<br \/>\nInstallation Doch sie gaben bisher wenig preis, wie sie den Kunstraum tats\u00e4chlich bespielen.<br \/>\nDoch das ist bei diesem K\u00fcnstlerpaar kein Problem, beide sind \u00fcber M\u00fcnsters Grenzen hinaus daf\u00fcr bekannt, stets<br \/>\naktuelle, ungew\u00f6hnliche und manchmal auch augenzwinkernde Gegenwartskunst zu entwickeln, die anspricht und<br \/>\ndar\u00fcber hinaus einen interessanten Reflexions- und Interpretationsrahmen anbietet.<br \/>\nVorbei schauen lohnt sicher, herzlich willkommen!<\/p>\n<p>\u00d6ffnungszeiten:<br \/>\nmittwochs, 15:00 Uhr bis 18:00 Uhr,<br \/>\nSonntag, 30.03.2025, 15:00 Uhr bis 18 Uhr<br \/>\njederzeit nach telefonischer Anfrage!<\/p>\n<p><em>no cube<\/em><br \/>\n<em>Achtermannstra\u00dfe 26<\/em><br \/>\n<em>48143 M\u00fcnster<\/em><br \/>\n<em>Telefon: 015782030409<\/em><br \/>\n<em>info@nocube.net<\/em><br \/>\n<em>www.nocube.net<\/em><\/p>\n","protected":false},"excerpt":{"rendered":"<p>CTC (come to Candia) Installaton f\u00fcr die Galerie no cube. Titel \u201eFinger weg!\u201c Kirsten Kaiser und Peter Kaiser Das K\u00fcnstlerpaar selbst beschreibt ihr k\u00fcnstlerisches Projekt etwas r\u00e4tselhaft: \u201eErleben Sie die [&hellip;]<\/p>\n","protected":false},"author":1,"featured_media":4665,"comment_status":"open","ping_status":"closed","template":"","meta":{"_tribe_events_status":"","_tribe_events_status_reason":"","footnotes":""},"tags":[],"tribe_events_cat":[],"class_list":["post-4663","tribe_events","type-tribe_events","status-publish","has-post-thumbnail","hentry"],"_links":{"self":[{"href":"http:\/\/www.tatwortimnetz.de\/Kunst\/wp-json\/wp\/v2\/tribe_events\/4663","targetHints":{"allow":["GET"]}}],"collection":[{"href":"http:\/\/www.tatwortimnetz.de\/Kunst\/wp-json\/wp\/v2\/tribe_events"}],"about":[{"href":"http:\/\/www.tatwortimnetz.de\/Kunst\/wp-json\/wp\/v2\/types\/tribe_events"}],"author":[{"embeddable":true,"href":"http:\/\/www.tatwortimnetz.de\/Kunst\/wp-json\/wp\/v2\/users\/1"}],"replies":[{"embeddable":true,"href":"http:\/\/www.tatwortimnetz.de\/Kunst\/wp-json\/wp\/v2\/comments?post=4663"}],"version-history":[{"count":1,"href":"http:\/\/www.tatwortimnetz.de\/Kunst\/wp-json\/wp\/v2\/tribe_events\/4663\/revisions"}],"predecessor-version":[{"id":4664,"href":"http:\/\/www.tatwortimnetz.de\/Kunst\/wp-json\/wp\/v2\/tribe_events\/4663\/revisions\/4664"}],"wp:featuredmedia":[{"embeddable":true,"href":"http:\/\/www.tatwortimnetz.de\/Kunst\/wp-json\/wp\/v2\/media\/4665"}],"wp:attachment":[{"href":"http:\/\/www.tatwortimnetz.de\/Kunst\/wp-json\/wp\/v2\/media?parent=4663"}],"wp:term":[{"taxonomy":"post_tag","embeddable":true,"href":"http:\/\/www.tatwortimnetz.de\/Kunst\/wp-json\/wp\/v2\/tags?post=4663"},{"taxonomy":"tribe_events_cat","embeddable":true,"href":"http:\/\/www.tatwortimnetz.de\/Kunst\/wp-json\/wp\/v2\/tribe_events_cat?post=4663"}],"curies":[{"name":"wp","href":"https:\/\/api.w.org\/{rel}","templated":true}]}}

<h4>CTC (come to Candia)<br />
Installaton für die Galerie no cube.<br />
<strong>Titel „Finger weg!“</strong><br />
Kirsten Kaiser und Peter Kaiser</h4>
<p>Das Künstlerpaar selbst beschreibt ihr künstlerisches Projekt etwas rätselhaft:<br />
„Erleben Sie die Spannung des Nicht-Anfassens in einer Welt, die so sehr von Tasten geprägt ist.<br />
Behalten Sie Ihre Hände bei sich während Sie die Ausstellung sehen.<br />
Es ist fast so, als wäre das Betrachten allein schon eine Kunstform.“<br />
Im Winter lud Candia Neumann Kirsten Kaiser und Peter Kaiser in den no cube, um hier eine neue Ausstellung zu<br />
realisieren. Jetzt steht die Eröffnung vor der Tür und es wird spannend, denn die Kaisers planen eine ortsbezogene<br />
Installation Doch sie gaben bisher wenig preis, wie sie den Kunstraum tatsächlich bespielen.<br />
Doch das ist bei diesem Künstlerpaar kein Problem, beide sind über Münsters Grenzen hinaus dafür bekannt, stets<br />
aktuelle, ungewöhnliche und manchmal auch augenzwinkernde Gegenwartskunst zu entwickeln, die anspricht und<br />
darüber hinaus einen interessanten Reflexions- und Interpretationsrahmen anbietet.<br />
Vorbei schauen lohnt sicher, herzlich willkommen!</p>
<p>Öffnungszeiten:<br />
mittwochs, 15:00 Uhr bis 18:00 Uhr,<br />
Sonntag, 30.03.2025, 15:00 Uhr bis 18 Uhr<br />
jederzeit nach telefonischer Anfrage!</p>
<p><em>no cube</em><br />
<em>Achtermannstraße 26</em><br />
<em>48143 Münster</em><br />
<em>Telefon: 015782030409</em><br />
<em>info@nocube.net</em><br />
<em>www.nocube.net</em></p>

<p>CTC (come to Candia) Installaton für die Galerie no cube. Titel „Finger weg!“ Kirsten Kaiser und Peter Kaiser Das Künstlerpaar selbst beschreibt ihr künstlerisches Projekt etwas rätselhaft: „Erleben Sie die [&hellip;]</p>
