{"id":4669,"date":"2025-03-02T10:34:04","date_gmt":"2025-03-02T09:34:04","guid":{"rendered":"https:\/\/www.tatwortimnetz.de\/Kunst\/?post_type=tribe_events&#038;p=4669"},"modified":"2025-03-02T10:40:36","modified_gmt":"2025-03-02T09:40:36","slug":"wellenlaenge-4","status":"publish","type":"tribe_events","link":"http:\/\/www.tatwortimnetz.de\/Kunst\/event\/wellenlaenge-4\/","title":{"rendered":"Wellenl\u00e4nge."},"content":{"rendered":"<p>Mit Sprayfarbe und Keramik, gebrannten Glasuren und farbigen Holzfl\u00e4chen pr\u00e4sentiert die Werkschau die Fr\u00fcchte einer tiefgreifenden Zusammenarbeit. Zwei Studierende der Kunstakademie M\u00fcnster und zwei K\u00fcnstler des Kunsthaus haben gemeinsam Werke geschaffen und sich \u00fcber k\u00fcnstlerische Praktiken ausgetauscht. Dabei geht es um die Frage, ob man eine Wellenl\u00e4nge zwischen der Kunst von zwei unterschiedlichen Menschen finden kann. Die Ausstellung l\u00e4dt ein, dieser Frage nachzugehen.<\/p>\n<p><strong>Wilke Klees<\/strong> und <strong>Justeen Chapman<\/strong> arbeiten gemeinsam mit den unterschiedlichsten Materialien. Einerseits bemalen und glasieren sie Fliesen, andererseits sprayen sie zusammen auf gro\u00dfen Holzplatten mit Spr\u00fchfarbe. Was sie verbindet ist eine Liebe f\u00fcr Graffiti. Was sind die verschiedenen Wege, wie man Buchstaben bauchig und plump oder zackig und energetisch aussehen lassen kann? Wie kann man mit Hilfe von Spr\u00fchfarbe Dinge hervorheben und Tiefe schaffen? \u00dcber solche Fragen haben sich der K\u00fcnstler und die Studentin w\u00e4hrend der gemeinsamen Arbeit ausgetauscht und so Werke geschaffen, die von einer tiefgreifenden Zusammenarbeit gepr\u00e4gt sind.<\/p>\n<p>In der Keramikarbeit von <strong>Stefan Reimer<\/strong> und <strong>Finn K\u00f6hntop<\/strong> wachsen zwei Muster zusammen. Die Muster, die Stefan Riemers Kunst dominieren, wurden bereits in einigen Ausstellungen im Kunsthaus Kannen pr\u00e4sentiert. Auch Finn K\u00f6hntop besch\u00e4ftigt sich in seiner Kunst mit Mustern und so erwuchs schnell die Idee ein Werk zu schaffen, das die unterschiedlichen, f\u00fcr K\u00fcnstler und Student charakteristischen Muster, ineinander vereint. Die beiden entschieden sich dazu, ihre Arbeit in Ton umzusetzen und w\u00e4hrend Stefan Reimer begann seine Muster frei Hand in Ton umzusetzen, erstellte Finn K\u00f6hntop eine Skizze der Arbeit. Mit diesem festgelegten Rahmen entstand ein Werk, in dem die beiden Muster fast organisch ineinander wachsen. Obwohl die Handschrift der beteiligten K\u00fcnstler noch zu erkennen ist, f\u00fcgen sie sich zu einem harmonischen ganzen zusammen.<\/p>\n<p><strong>K\u00fcnstler und Studierende:<\/strong><\/p>\n<p>Wilke Klees und Justeen Chapman<br \/>\nStefan Reimer und Finn K\u00f6hntop<\/p>\n","protected":false},"excerpt":{"rendered":"<p>Mit Sprayfarbe und Keramik, gebrannten Glasuren und farbigen Holzfl\u00e4chen pr\u00e4sentiert die Werkschau die Fr\u00fcchte einer tiefgreifenden Zusammenarbeit. Zwei Studierende der Kunstakademie M\u00fcnster und zwei K\u00fcnstler des Kunsthaus haben gemeinsam Werke [&hellip;]<\/p>\n","protected":false},"author":1,"featured_media":0,"comment_status":"open","ping_status":"closed","template":"","meta":{"_tribe_events_status":"","_tribe_events_status_reason":"","footnotes":""},"tags":[],"tribe_events_cat":[],"class_list":["post-4669","tribe_events","type-tribe_events","status-publish","hentry"],"_links":{"self":[{"href":"http:\/\/www.tatwortimnetz.de\/Kunst\/wp-json\/wp\/v2\/tribe_events\/4669","targetHints":{"allow":["GET"]}}],"collection":[{"href":"http:\/\/www.tatwortimnetz.de\/Kunst\/wp-json\/wp\/v2\/tribe_events"}],"about":[{"href":"http:\/\/www.tatwortimnetz.de\/Kunst\/wp-json\/wp\/v2\/types\/tribe_events"}],"author":[{"embeddable":true,"href":"http:\/\/www.tatwortimnetz.de\/Kunst\/wp-json\/wp\/v2\/users\/1"}],"replies":[{"embeddable":true,"href":"http:\/\/www.tatwortimnetz.de\/Kunst\/wp-json\/wp\/v2\/comments?post=4669"}],"version-history":[{"count":1,"href":"http:\/\/www.tatwortimnetz.de\/Kunst\/wp-json\/wp\/v2\/tribe_events\/4669\/revisions"}],"predecessor-version":[{"id":4670,"href":"http:\/\/www.tatwortimnetz.de\/Kunst\/wp-json\/wp\/v2\/tribe_events\/4669\/revisions\/4670"}],"wp:attachment":[{"href":"http:\/\/www.tatwortimnetz.de\/Kunst\/wp-json\/wp\/v2\/media?parent=4669"}],"wp:term":[{"taxonomy":"post_tag","embeddable":true,"href":"http:\/\/www.tatwortimnetz.de\/Kunst\/wp-json\/wp\/v2\/tags?post=4669"},{"taxonomy":"tribe_events_cat","embeddable":true,"href":"http:\/\/www.tatwortimnetz.de\/Kunst\/wp-json\/wp\/v2\/tribe_events_cat?post=4669"}],"curies":[{"name":"wp","href":"https:\/\/api.w.org\/{rel}","templated":true}]}}

Wellenlänge.

<p>Mit Sprayfarbe und Keramik, gebrannten Glasuren und farbigen Holzflächen präsentiert die Werkschau die Früchte einer tiefgreifenden Zusammenarbeit. Zwei Studierende der Kunstakademie Münster und zwei Künstler des Kunsthaus haben gemeinsam Werke geschaffen und sich über künstlerische Praktiken ausgetauscht. Dabei geht es um die Frage, ob man eine Wellenlänge zwischen der Kunst von zwei unterschiedlichen Menschen finden kann. Die Ausstellung lädt ein, dieser Frage nachzugehen.</p>
<p><strong>Wilke Klees</strong> und <strong>Justeen Chapman</strong> arbeiten gemeinsam mit den unterschiedlichsten Materialien. Einerseits bemalen und glasieren sie Fliesen, andererseits sprayen sie zusammen auf großen Holzplatten mit Sprühfarbe. Was sie verbindet ist eine Liebe für Graffiti. Was sind die verschiedenen Wege, wie man Buchstaben bauchig und plump oder zackig und energetisch aussehen lassen kann? Wie kann man mit Hilfe von Sprühfarbe Dinge hervorheben und Tiefe schaffen? Über solche Fragen haben sich der Künstler und die Studentin während der gemeinsamen Arbeit ausgetauscht und so Werke geschaffen, die von einer tiefgreifenden Zusammenarbeit geprägt sind.</p>
<p>In der Keramikarbeit von <strong>Stefan Reimer</strong> und <strong>Finn Köhntop</strong> wachsen zwei Muster zusammen. Die Muster, die Stefan Riemers Kunst dominieren, wurden bereits in einigen Ausstellungen im Kunsthaus Kannen präsentiert. Auch Finn Köhntop beschäftigt sich in seiner Kunst mit Mustern und so erwuchs schnell die Idee ein Werk zu schaffen, das die unterschiedlichen, für Künstler und Student charakteristischen Muster, ineinander vereint. Die beiden entschieden sich dazu, ihre Arbeit in Ton umzusetzen und während Stefan Reimer begann seine Muster frei Hand in Ton umzusetzen, erstellte Finn Köhntop eine Skizze der Arbeit. Mit diesem festgelegten Rahmen entstand ein Werk, in dem die beiden Muster fast organisch ineinander wachsen. Obwohl die Handschrift der beteiligten Künstler noch zu erkennen ist, fügen sie sich zu einem harmonischen ganzen zusammen.</p>
<p><strong>Künstler und Studierende:</strong></p>
<p>Wilke Klees und Justeen Chapman<br />
Stefan Reimer und Finn Köhntop</p>

<p>Mit Sprayfarbe und Keramik, gebrannten Glasuren und farbigen Holzflächen präsentiert die Werkschau die Früchte einer tiefgreifenden Zusammenarbeit. Zwei Studierende der Kunstakademie Münster und zwei Künstler des Kunsthaus haben gemeinsam Werke [&hellip;]</p>
