{"id":4675,"date":"2025-03-02T10:56:28","date_gmt":"2025-03-02T09:56:28","guid":{"rendered":"https:\/\/www.tatwortimnetz.de\/Kunst\/?post_type=tribe_events&#038;p=4675"},"modified":"2025-04-14T13:08:43","modified_gmt":"2025-04-14T11:08:43","slug":"ton-not-not-ton","status":"publish","type":"tribe_events","link":"http:\/\/www.tatwortimnetz.de\/Kunst\/event\/ton-not-not-ton\/","title":{"rendered":"ton not. not ton."},"content":{"rendered":"<div>\n<p>Konzert, Performance, Ausstellung: <em>ton not. not ton<\/em> widmet sich dem Klang der Dinge und dem was Klang hervorruft, l\u00e4sst ihn in akustischen Interventionen, Objekten im Raum und der eigenen Vorstellung in Erscheinung treten \u2013 vibrierend und haptisch, visuell und imagin\u00e4r, verk\u00f6rpert und k\u00f6rperlos. Dabei liegt die Aufmerksamkeit der dritten Ausgabe von <em>ton not. not ton<\/em> auf der Resonanz. Wie wird Klang erzeugt, wie vom K\u00f6rper aufgenommen, wie resoniert er in uns und wie resonieren wir in unserer Umgebung. Welche Spuren hinterlassen wir \u2013 manchmal bewusst, manchmal unbewusst? Welche Rolle nimmt dabei unser K\u00f6rper ein? Wie schreibt sich allein unsere physische Anwesenheit in den Raum ein, ver\u00e4ndert diesen?<\/p>\n<p>Mit dem Thema der Resonanz begegnet <em>ton not. not ton<\/em> der zunehmenden Entfremdung der Gesellschaft und einem damit verbundenen Verlust der Resonanzf\u00e4higkeit, setzt dieser bedeutungsvolle Erfahrungen entgegen. Das unmittelbare k\u00f6rperliche Erleben, die Vergegenw\u00e4rtigung von Zeit und Raum, die Begegnung mit Texturen und Kl\u00e4ngen, das Zuh\u00f6ren als besondere sensorische Erfahrung und Wahrnehmungsf\u00e4higkeit, erlaubt eine Verortung. Es geht um den kollektiv geteilten Raum, die F\u00e4higkeit zur Resonanz \u2013 im Sinne einer \u201eresponse-ability\u201c \u2013 und es fordert uns auf, umfassender dar\u00fcber nachzudenken, was es bedeutet, in einer komplexen Umgebung von heute zu h\u00f6ren, geh\u00f6rt zu werden und zuzuh\u00f6ren.<\/p>\n<p>Neben der Pr\u00e4sentation der Werke von <strong>Isaac Chong Wai<\/strong>, <strong>Steffani Jemison<\/strong>, <strong>Annika Larsson<\/strong> und <strong>Alvin Lucier<\/strong> finden Performances und Konzerte von <strong>Bear Bones Lay Low<\/strong>, <strong>Satch Hoyt<\/strong>, <strong>Annika Larsson<\/strong> + <strong>E.I. the Blob<\/strong> w\u00e4hrend der Er\u00f6ffnung (28. Februar 2025) sowie von <strong>Gajek<\/strong>, <strong>Keta Gavasheli<\/strong> + <strong>Gregor Darman<\/strong> zum Ende der Ausstellung (24. Mai 2025) statt.<\/p>\n<p>Eine Zusammenarbeit der Kunsthalle M\u00fcnster mit <a href=\"https:\/\/phuong-dan.de\/dispari\">dispari<\/a> \u2013 ein Label und eine Plattform f\u00fcr auditive Publikationen und Performances an wechselnden Orten, initiiert und betrieben von Nguyen Phuong-Dan.<\/p>\n<p><em>Kurator:innen: Nguyen Phuong-Dan + Merle Radtke<\/em><\/p>\n<\/div>\n<div><\/div>\n","protected":false},"excerpt":{"rendered":"<p>Konzert, Performance, Ausstellung: ton not. not ton widmet sich dem Klang der Dinge und dem was Klang hervorruft, l\u00e4sst ihn in akustischen Interventionen, Objekten im Raum und der eigenen Vorstellung [&hellip;]<\/p>\n","protected":false},"author":1,"featured_media":4728,"comment_status":"open","ping_status":"closed","template":"","meta":{"_tribe_events_status":"","_tribe_events_status_reason":"","footnotes":""},"tags":[],"tribe_events_cat":[],"class_list":["post-4675","tribe_events","type-tribe_events","status-publish","has-post-thumbnail","hentry"],"_links":{"self":[{"href":"http:\/\/www.tatwortimnetz.de\/Kunst\/wp-json\/wp\/v2\/tribe_events\/4675","targetHints":{"allow":["GET"]}}],"collection":[{"href":"http:\/\/www.tatwortimnetz.de\/Kunst\/wp-json\/wp\/v2\/tribe_events"}],"about":[{"href":"http:\/\/www.tatwortimnetz.de\/Kunst\/wp-json\/wp\/v2\/types\/tribe_events"}],"author":[{"embeddable":true,"href":"http:\/\/www.tatwortimnetz.de\/Kunst\/wp-json\/wp\/v2\/users\/1"}],"replies":[{"embeddable":true,"href":"http:\/\/www.tatwortimnetz.de\/Kunst\/wp-json\/wp\/v2\/comments?post=4675"}],"version-history":[{"count":1,"href":"http:\/\/www.tatwortimnetz.de\/Kunst\/wp-json\/wp\/v2\/tribe_events\/4675\/revisions"}],"predecessor-version":[{"id":4676,"href":"http:\/\/www.tatwortimnetz.de\/Kunst\/wp-json\/wp\/v2\/tribe_events\/4675\/revisions\/4676"}],"wp:featuredmedia":[{"embeddable":true,"href":"http:\/\/www.tatwortimnetz.de\/Kunst\/wp-json\/wp\/v2\/media\/4728"}],"wp:attachment":[{"href":"http:\/\/www.tatwortimnetz.de\/Kunst\/wp-json\/wp\/v2\/media?parent=4675"}],"wp:term":[{"taxonomy":"post_tag","embeddable":true,"href":"http:\/\/www.tatwortimnetz.de\/Kunst\/wp-json\/wp\/v2\/tags?post=4675"},{"taxonomy":"tribe_events_cat","embeddable":true,"href":"http:\/\/www.tatwortimnetz.de\/Kunst\/wp-json\/wp\/v2\/tribe_events_cat?post=4675"}],"curies":[{"name":"wp","href":"https:\/\/api.w.org\/{rel}","templated":true}]}}

<div>
<p>Konzert, Performance, Ausstellung: <em>ton not. not ton</em> widmet sich dem Klang der Dinge und dem was Klang hervorruft, lässt ihn in akustischen Interventionen, Objekten im Raum und der eigenen Vorstellung in Erscheinung treten – vibrierend und haptisch, visuell und imaginär, verkörpert und körperlos. Dabei liegt die Aufmerksamkeit der dritten Ausgabe von <em>ton not. not ton</em> auf der Resonanz. Wie wird Klang erzeugt, wie vom Körper aufgenommen, wie resoniert er in uns und wie resonieren wir in unserer Umgebung. Welche Spuren hinterlassen wir – manchmal bewusst, manchmal unbewusst? Welche Rolle nimmt dabei unser Körper ein? Wie schreibt sich allein unsere physische Anwesenheit in den Raum ein, verändert diesen?</p>
<p>Mit dem Thema der Resonanz begegnet <em>ton not. not ton</em> der zunehmenden Entfremdung der Gesellschaft und einem damit verbundenen Verlust der Resonanzfähigkeit, setzt dieser bedeutungsvolle Erfahrungen entgegen. Das unmittelbare körperliche Erleben, die Vergegenwärtigung von Zeit und Raum, die Begegnung mit Texturen und Klängen, das Zuhören als besondere sensorische Erfahrung und Wahrnehmungsfähigkeit, erlaubt eine Verortung. Es geht um den kollektiv geteilten Raum, die Fähigkeit zur Resonanz – im Sinne einer „response-ability“ – und es fordert uns auf, umfassender darüber nachzudenken, was es bedeutet, in einer komplexen Umgebung von heute zu hören, gehört zu werden und zuzuhören.</p>
<p>Neben der Präsentation der Werke von <strong>Isaac Chong Wai</strong>, <strong>Steffani Jemison</strong>, <strong>Annika Larsson</strong> und <strong>Alvin Lucier</strong> finden Performances und Konzerte von <strong>Bear Bones Lay Low</strong>, <strong>Satch Hoyt</strong>, <strong>Annika Larsson</strong> + <strong>E.I. the Blob</strong> während der Eröffnung (28. Februar 2025) sowie von <strong>Gajek</strong>, <strong>Keta Gavasheli</strong> + <strong>Gregor Darman</strong> zum Ende der Ausstellung (24. Mai 2025) statt.</p>
<p>Eine Zusammenarbeit der Kunsthalle Münster mit <a href="https://phuong-dan.de/dispari">dispari</a> – ein Label und eine Plattform für auditive Publikationen und Performances an wechselnden Orten, initiiert und betrieben von Nguyen Phuong-Dan.</p>
<p><em>Kurator:innen: Nguyen Phuong-Dan + Merle Radtke</em></p>
</div>
<div></div>

<p>Konzert, Performance, Ausstellung: ton not. not ton widmet sich dem Klang der Dinge und dem was Klang hervorruft, lässt ihn in akustischen Interventionen, Objekten im Raum und der eigenen Vorstellung [&hellip;]</p>
