{"id":4681,"date":"2025-03-02T11:21:44","date_gmt":"2025-03-02T10:21:44","guid":{"rendered":"http:\/\/www.tatwortimnetz.de\/Kunst\/?post_type=tribe_events&#038;p=4681"},"modified":"2025-03-02T11:21:44","modified_gmt":"2025-03-02T10:21:44","slug":"inktspot-politische-karikaturen-aus-den-niederlanden-3","status":"publish","type":"tribe_events","link":"http:\/\/www.tatwortimnetz.de\/Kunst\/event\/inktspot-politische-karikaturen-aus-den-niederlanden-3\/","title":{"rendered":"Inktspot. Politische Karikaturen aus den Niederlanden."},"content":{"rendered":"<p>Wie jedes Jahr pr\u00e4sentiert das Haus der Niederlande die besten niederl\u00e4ndischen politischen Karikaturen des vergangenen Jahres. Aus einer Vielzahl eingereichter Werke niederl\u00e4ndischer K\u00fcnstler:innen hat die <em>Stichting Pers en Prent<\/em> die beeindruckendste Zeichnung mit dem renommierten <em>Inktspotprijs<\/em> ausgezeichnet. Die politischen und gesellschaftlichen Herausforderungen des letzten Jahres spiegeln sich deutlich in den Karikaturen wider: Von der globalen Klimakrise \u00fcber geopolitische Spannungen bis hin zu wirtschaftlichen Turbulenzen. Gleichzeitig greifen die Werke auch nationale Themen wie das Ende des Kabinetts Rutte, den Wahlsieg Wilders` sowie weitere Themen die die Niederlande im vergangenen Jahr bewegt und gepr\u00e4gt haben, auf.<\/p>\n","protected":false},"excerpt":{"rendered":"<p>Wie jedes Jahr pr\u00e4sentiert das Haus der Niederlande die besten niederl\u00e4ndischen politischen Karikaturen des vergangenen Jahres. Aus einer Vielzahl eingereichter Werke niederl\u00e4ndischer K\u00fcnstler:innen hat die Stichting Pers en Prent die [&hellip;]<\/p>\n","protected":false},"author":1,"featured_media":0,"comment_status":"open","ping_status":"closed","template":"","meta":{"_tribe_events_status":"","_tribe_events_status_reason":"","footnotes":""},"tags":[],"tribe_events_cat":[],"class_list":["post-4681","tribe_events","type-tribe_events","status-publish","hentry"],"_links":{"self":[{"href":"http:\/\/www.tatwortimnetz.de\/Kunst\/wp-json\/wp\/v2\/tribe_events\/4681","targetHints":{"allow":["GET"]}}],"collection":[{"href":"http:\/\/www.tatwortimnetz.de\/Kunst\/wp-json\/wp\/v2\/tribe_events"}],"about":[{"href":"http:\/\/www.tatwortimnetz.de\/Kunst\/wp-json\/wp\/v2\/types\/tribe_events"}],"author":[{"embeddable":true,"href":"http:\/\/www.tatwortimnetz.de\/Kunst\/wp-json\/wp\/v2\/users\/1"}],"replies":[{"embeddable":true,"href":"http:\/\/www.tatwortimnetz.de\/Kunst\/wp-json\/wp\/v2\/comments?post=4681"}],"version-history":[{"count":1,"href":"http:\/\/www.tatwortimnetz.de\/Kunst\/wp-json\/wp\/v2\/tribe_events\/4681\/revisions"}],"predecessor-version":[{"id":4682,"href":"http:\/\/www.tatwortimnetz.de\/Kunst\/wp-json\/wp\/v2\/tribe_events\/4681\/revisions\/4682"}],"wp:attachment":[{"href":"http:\/\/www.tatwortimnetz.de\/Kunst\/wp-json\/wp\/v2\/media?parent=4681"}],"wp:term":[{"taxonomy":"post_tag","embeddable":true,"href":"http:\/\/www.tatwortimnetz.de\/Kunst\/wp-json\/wp\/v2\/tags?post=4681"},{"taxonomy":"tribe_events_cat","embeddable":true,"href":"http:\/\/www.tatwortimnetz.de\/Kunst\/wp-json\/wp\/v2\/tribe_events_cat?post=4681"}],"curies":[{"name":"wp","href":"https:\/\/api.w.org\/{rel}","templated":true}]}}

<p>Wie jedes Jahr präsentiert das Haus der Niederlande die besten niederländischen politischen Karikaturen des vergangenen Jahres. Aus einer Vielzahl eingereichter Werke niederländischer Künstler:innen hat die <em>Stichting Pers en Prent</em> die beeindruckendste Zeichnung mit dem renommierten <em>Inktspotprijs</em> ausgezeichnet. Die politischen und gesellschaftlichen Herausforderungen des letzten Jahres spiegeln sich deutlich in den Karikaturen wider: Von der globalen Klimakrise über geopolitische Spannungen bis hin zu wirtschaftlichen Turbulenzen. Gleichzeitig greifen die Werke auch nationale Themen wie das Ende des Kabinetts Rutte, den Wahlsieg Wilders` sowie weitere Themen die die Niederlande im vergangenen Jahr bewegt und geprägt haben, auf.</p>

<p>Wie jedes Jahr präsentiert das Haus der Niederlande die besten niederländischen politischen Karikaturen des vergangenen Jahres. Aus einer Vielzahl eingereichter Werke niederländischer Künstler:innen hat die Stichting Pers en Prent die [&hellip;]</p>
