{"id":4693,"date":"2025-03-02T11:32:49","date_gmt":"2025-03-02T10:32:49","guid":{"rendered":"http:\/\/www.tatwortimnetz.de\/Kunst\/?post_type=tribe_events&#038;p=4693"},"modified":"2025-03-02T11:32:49","modified_gmt":"2025-03-02T10:32:49","slug":"was-sehen-wir-hier","status":"publish","type":"tribe_events","link":"http:\/\/www.tatwortimnetz.de\/Kunst\/event\/was-sehen-wir-hier\/","title":{"rendered":"Was sehen wir hier?"},"content":{"rendered":"<h1>Was sehen wir hier?<\/h1>\n<p>Er\u00f6ffnung: Sonntag, 23. M\u00e4rz 2025 um 15 Uhr<br \/>\nDauer: 23. M\u00e4rz \u2013 14. September 2025<\/p>\n<p>Was sehen wir hier? Diese Frage l\u00e4sst sich nicht immer eindeutig beantworten. Farbe, Form, Fl\u00e4che, Struktur und Leere. Gerade die abstrakte Kunst kann sich auf besonders vielf\u00e4ltige Weisen ausdr\u00fccken.<\/p>\n<p>Ob Zeichnungen, Malerei, Stoff, Holz oder Stift auf Papier. Die 15 K\u00fcnstler*innen des Kunsthaus Kannen lassen durch verschiedene Materialien die unterschiedlichsten abstrakten Kreationen entstehen.<\/p>\n<p>In den Bildern von <strong>Alfred Olschewski<\/strong> scheinen die Farben in ihren stets besonderen Kombinationen miteinander zu interagieren. Helle grelle Farben springen nach vorne, dunkle T\u00f6ne treten dagegen in den Hintergrund. Sie kontrastieren sich, harmonieren und disharmonieren miteinander und wirken immer anders, je nachdem, welche Farbe sich direkt neben ihnen befindet. Deutlich wilder wirken die wuseligen Bilder von <strong>Josef K\u00f6nig<\/strong>. Seine unregelm\u00e4\u00dfigen Kreisgebilde, gef\u00fcllt mit Linienkn\u00e4ueln, lassen an Regen auf einer Wasserfl\u00e4che, an dichtes Laub oder an ein Rosenbeet denken. Dagegen wirken die farbigen Zeichnungen von <strong>Linda Reimer<\/strong> von weiter weg, wie die bunten Pixel von Bildschirmen in Gro\u00dfaufnahme. Diese winzig kleinen, farbigen Quadrate holt Reimer in Ihren Bildern ganz nah heran. Schaut man l\u00e4nger in dieses bunte Meer aus kleinen Farbfl\u00e4chen hinein, erkennt man vielleicht sogar eine ganz neue Form.<\/p>\n<p>Die Entwicklungen einzelner K\u00fcnstler*innen in ihrem Schaffen hin zum abstrakten wird einer der Fokusse der kommenden Ausstellungen darstellen. Die fr\u00fcheren fig\u00fcrlichen Werke einzelner Kunstschaffenden zeigen einen Kontrast auf zu ihren abstrakten Bildern und geben einen Einblick auf ihren individuellen Entwicklungsprozess.<\/p>\n<p>Die Ausstellung \u201e<em>Was sehen wir hier?\u201c<\/em> wird ihnen vielleicht keine genaue Antwort auf diese Frage geben k\u00f6nnen, jedoch regt sie dazu an, sich n\u00e4her mit seiner eigenen Wahrnehmung auseinanderzusetzten und das eigene Erkennen zu hinterfragen.<\/p>\n<p><strong>K\u00fcnstler*innen<\/strong>: Karl Bergenthal, Robert Burda, Herbert Heithausen, Mathias Klepgen, Wilke Klees, Josef K\u00f6nig, Alfred Olschewski, Hans Werner Padberg, Bernhard Pfitzner, Linda Reimer, Franziska R\u00f6ckmann, Ulrich R\u00f6ckmann, Helmut Schrameyer, Matthias St\u00f6ppeler, Heinz Thomas<\/p>\n<hr \/>\n<p>Gleichzeitig wird im <strong><a href=\"https:\/\/www.stadt-muenster.de\/museum\/ausstellungen\/vorschau\" target=\"_blank\" rel=\"noopener noreferrer\">Stadtmuseum M\u00fcnster<\/a><\/strong> eine Ausstellung gemeinsam mit Bilder aus der Sammlung des Kunsthauses\u00a0 und des Stadtmuseums gezeigt.<br \/>\nDie Ausstellung\u00a0<strong>Abstrakte Begegnungen<\/strong> m\u00f6chte die in M\u00fcnster bekannten und weniger bekannten K\u00fcnstlerinnen und K\u00fcnstler gegen\u00fcberstellen, um so die Vielf\u00e4ltigkeit des Abstrakten zu pr\u00e4sentieren. Die Ausstellung l\u00e4uft vom 27. M\u00e4rz 2025 bis 6. Juli 2025.<\/p>\n","protected":false},"excerpt":{"rendered":"<p>Was sehen wir hier? Er\u00f6ffnung: Sonntag, 23. M\u00e4rz 2025 um 15 Uhr Dauer: 23. M\u00e4rz \u2013 14. September 2025 Was sehen wir hier? Diese Frage l\u00e4sst sich nicht immer eindeutig [&hellip;]<\/p>\n","protected":false},"author":1,"featured_media":0,"comment_status":"open","ping_status":"closed","template":"","meta":{"_tribe_events_status":"","_tribe_events_status_reason":"","footnotes":""},"tags":[],"tribe_events_cat":[],"class_list":["post-4693","tribe_events","type-tribe_events","status-publish","hentry"],"_links":{"self":[{"href":"http:\/\/www.tatwortimnetz.de\/Kunst\/wp-json\/wp\/v2\/tribe_events\/4693","targetHints":{"allow":["GET"]}}],"collection":[{"href":"http:\/\/www.tatwortimnetz.de\/Kunst\/wp-json\/wp\/v2\/tribe_events"}],"about":[{"href":"http:\/\/www.tatwortimnetz.de\/Kunst\/wp-json\/wp\/v2\/types\/tribe_events"}],"author":[{"embeddable":true,"href":"http:\/\/www.tatwortimnetz.de\/Kunst\/wp-json\/wp\/v2\/users\/1"}],"replies":[{"embeddable":true,"href":"http:\/\/www.tatwortimnetz.de\/Kunst\/wp-json\/wp\/v2\/comments?post=4693"}],"version-history":[{"count":1,"href":"http:\/\/www.tatwortimnetz.de\/Kunst\/wp-json\/wp\/v2\/tribe_events\/4693\/revisions"}],"predecessor-version":[{"id":4694,"href":"http:\/\/www.tatwortimnetz.de\/Kunst\/wp-json\/wp\/v2\/tribe_events\/4693\/revisions\/4694"}],"wp:attachment":[{"href":"http:\/\/www.tatwortimnetz.de\/Kunst\/wp-json\/wp\/v2\/media?parent=4693"}],"wp:term":[{"taxonomy":"post_tag","embeddable":true,"href":"http:\/\/www.tatwortimnetz.de\/Kunst\/wp-json\/wp\/v2\/tags?post=4693"},{"taxonomy":"tribe_events_cat","embeddable":true,"href":"http:\/\/www.tatwortimnetz.de\/Kunst\/wp-json\/wp\/v2\/tribe_events_cat?post=4693"}],"curies":[{"name":"wp","href":"https:\/\/api.w.org\/{rel}","templated":true}]}}

<h1>Was sehen wir hier?</h1>
<p>Eröffnung: Sonntag, 23. März 2025 um 15 Uhr<br />
Dauer: 23. März – 14. September 2025</p>
<p>Was sehen wir hier? Diese Frage lässt sich nicht immer eindeutig beantworten. Farbe, Form, Fläche, Struktur und Leere. Gerade die abstrakte Kunst kann sich auf besonders vielfältige Weisen ausdrücken.</p>
<p>Ob Zeichnungen, Malerei, Stoff, Holz oder Stift auf Papier. Die 15 Künstler*innen des Kunsthaus Kannen lassen durch verschiedene Materialien die unterschiedlichsten abstrakten Kreationen entstehen.</p>
<p>In den Bildern von <strong>Alfred Olschewski</strong> scheinen die Farben in ihren stets besonderen Kombinationen miteinander zu interagieren. Helle grelle Farben springen nach vorne, dunkle Töne treten dagegen in den Hintergrund. Sie kontrastieren sich, harmonieren und disharmonieren miteinander und wirken immer anders, je nachdem, welche Farbe sich direkt neben ihnen befindet. Deutlich wilder wirken die wuseligen Bilder von <strong>Josef König</strong>. Seine unregelmäßigen Kreisgebilde, gefüllt mit Linienknäueln, lassen an Regen auf einer Wasserfläche, an dichtes Laub oder an ein Rosenbeet denken. Dagegen wirken die farbigen Zeichnungen von <strong>Linda Reimer</strong> von weiter weg, wie die bunten Pixel von Bildschirmen in Großaufnahme. Diese winzig kleinen, farbigen Quadrate holt Reimer in Ihren Bildern ganz nah heran. Schaut man länger in dieses bunte Meer aus kleinen Farbflächen hinein, erkennt man vielleicht sogar eine ganz neue Form.</p>
<p>Die Entwicklungen einzelner Künstler*innen in ihrem Schaffen hin zum abstrakten wird einer der Fokusse der kommenden Ausstellungen darstellen. Die früheren figürlichen Werke einzelner Kunstschaffenden zeigen einen Kontrast auf zu ihren abstrakten Bildern und geben einen Einblick auf ihren individuellen Entwicklungsprozess.</p>
<p>Die Ausstellung „<em>Was sehen wir hier?“</em> wird ihnen vielleicht keine genaue Antwort auf diese Frage geben können, jedoch regt sie dazu an, sich näher mit seiner eigenen Wahrnehmung auseinanderzusetzten und das eigene Erkennen zu hinterfragen.</p>
<p><strong>Künstler*innen</strong>: Karl Bergenthal, Robert Burda, Herbert Heithausen, Mathias Klepgen, Wilke Klees, Josef König, Alfred Olschewski, Hans Werner Padberg, Bernhard Pfitzner, Linda Reimer, Franziska Röckmann, Ulrich Röckmann, Helmut Schrameyer, Matthias Stöppeler, Heinz Thomas</p>
<hr />
<p>Gleichzeitig wird im <strong><a href="https://www.stadt-muenster.de/museum/ausstellungen/vorschau" target="_blank" rel="noopener noreferrer">Stadtmuseum Münster</a></strong> eine Ausstellung gemeinsam mit Bilder aus der Sammlung des Kunsthauses  und des Stadtmuseums gezeigt.<br />
Die Ausstellung <strong>Abstrakte Begegnungen</strong> möchte die in Münster bekannten und weniger bekannten Künstlerinnen und Künstler gegenüberstellen, um so die Vielfältigkeit des Abstrakten zu präsentieren. Die Ausstellung läuft vom 27. März 2025 bis 6. Juli 2025.</p>

<p>Was sehen wir hier? Eröffnung: Sonntag, 23. März 2025 um 15 Uhr Dauer: 23. März – 14. September 2025 Was sehen wir hier? Diese Frage lässt sich nicht immer eindeutig [&hellip;]</p>
