{"id":4702,"date":"2025-03-02T11:38:30","date_gmt":"2025-03-02T10:38:30","guid":{"rendered":"http:\/\/www.tatwortimnetz.de\/Kunst\/?post_type=tribe_events&#038;p=4702"},"modified":"2025-03-02T11:39:56","modified_gmt":"2025-03-02T10:39:56","slug":"weiterhin-masako-kato-myu-hanaoka","status":"publish","type":"tribe_events","link":"http:\/\/www.tatwortimnetz.de\/Kunst\/event\/weiterhin-masako-kato-myu-hanaoka\/","title":{"rendered":"weiterhin. Masako Kato &#038; Myu Hanaoka"},"content":{"rendered":"<h5>Zu Gast:<br \/>\nweiterhin<br \/>\nMasako Kato + Myu Hanaoka<br \/>\n7. Mai \u2013 1. Juni 2025<\/h5>\n<p>Vernissage 7. Mai 2025, 18:00 Uhr<\/p>\n<p>Im Jahr 2023 starteten Masako Kato und Myu Hanaoka ihr Projekt <strong>\u201c;\u201d<\/strong> (Semikolon) mit einer gemeinsamen<br \/>\nAusstellung in K\u00f6ln. Mit seiner sowohl trennenden als auch verbindenden Funktion \u00e4hnelt das Semikolon<br \/>\nder Mehrdeutigkeit, die die beiden K\u00fcnstlerinnen erleben, wenn sie \u00fcber Grenzen nachdenken. Ihr<br \/>\nAustausch begann 2022 unter anderem mit der Frage \u201cWas macht etwas, zu dem was es ist?\u201d. Ihr Dialog<br \/>\ndar\u00fcber h\u00e4lt bis heute an und fand Ausdruck in ihren kontinuierlich weiterentwickelten Werken, die seitdem<br \/>\nin drei kurz aufeinanderfolgenden Ausstellungen in Nagoya, Hiroshima und Tokyo gezeigt wurden.<br \/>\nMobilit\u00e4t, Bewegung und Reisen \u2013 ebenso wie das Arbeiten \u00fcber geografische und kulturelle Grenzen<br \/>\nhinweg \u2013 sind zentrale Elemente des gemeinschaftlichen Projekts. Mit jeder Pr\u00e4sentation ver\u00e4ndern sich die<br \/>\nWerke von Kato und Hanaoka, beeinflusst durch die r\u00e4umliche und zeitliche Bewegung und den damit<br \/>\nverbundenen Einschr\u00e4nkungen \u2013 wie Zeitverschiebung, Ersch\u00f6pfung durch das Reisen, Gr\u00f6\u00dfe und Gewicht<br \/>\nder Arbeiten durch deren pers\u00f6nlichen Transport \u2013 sowie durch die jeweiligen Ausstellungsorte und die<br \/>\nanhaltenden Gespr\u00e4che \u00fcber all das.<br \/>\nMit der Ausstellung \u201cweiterhin\u201d findet das Projekt \u201c;\u201d einen vorl\u00e4ufigen Abschluss im no cube in M\u00fcnster.<br \/>\nWie haben sich die Werke auf der Reise ver\u00e4ndert? Was wird von dieser Bewegung f\u00fcr die Betrachter:innen<br \/>\nerfahrbar sein? Und welche Rolle spielen Orte und L\u00e4nder f\u00fcr die Produktion und Wahrnehmung von<br \/>\nKunstwerken?<br \/>\nKuratorin: Antonia Lotz<\/p>\n<p>Die Ausstellung im no Cube entsteht im Rahmen von Masako Katos start3 Stipendium und wird von der<br \/>\nVolksbank im M\u00fcnsterland eG gef\u00f6rdert.<\/p>\n","protected":false},"excerpt":{"rendered":"<p>Zu Gast: weiterhin Masako Kato + Myu Hanaoka 7. Mai \u2013 1. Juni 2025 Vernissage 7. Mai 2025, 18:00 Uhr Im Jahr 2023 starteten Masako Kato und Myu Hanaoka ihr [&hellip;]<\/p>\n","protected":false},"author":1,"featured_media":0,"comment_status":"open","ping_status":"closed","template":"","meta":{"_tribe_events_status":"","_tribe_events_status_reason":"","footnotes":""},"tags":[],"tribe_events_cat":[],"class_list":["post-4702","tribe_events","type-tribe_events","status-publish","hentry"],"_links":{"self":[{"href":"http:\/\/www.tatwortimnetz.de\/Kunst\/wp-json\/wp\/v2\/tribe_events\/4702","targetHints":{"allow":["GET"]}}],"collection":[{"href":"http:\/\/www.tatwortimnetz.de\/Kunst\/wp-json\/wp\/v2\/tribe_events"}],"about":[{"href":"http:\/\/www.tatwortimnetz.de\/Kunst\/wp-json\/wp\/v2\/types\/tribe_events"}],"author":[{"embeddable":true,"href":"http:\/\/www.tatwortimnetz.de\/Kunst\/wp-json\/wp\/v2\/users\/1"}],"replies":[{"embeddable":true,"href":"http:\/\/www.tatwortimnetz.de\/Kunst\/wp-json\/wp\/v2\/comments?post=4702"}],"version-history":[{"count":1,"href":"http:\/\/www.tatwortimnetz.de\/Kunst\/wp-json\/wp\/v2\/tribe_events\/4702\/revisions"}],"predecessor-version":[{"id":4703,"href":"http:\/\/www.tatwortimnetz.de\/Kunst\/wp-json\/wp\/v2\/tribe_events\/4702\/revisions\/4703"}],"wp:attachment":[{"href":"http:\/\/www.tatwortimnetz.de\/Kunst\/wp-json\/wp\/v2\/media?parent=4702"}],"wp:term":[{"taxonomy":"post_tag","embeddable":true,"href":"http:\/\/www.tatwortimnetz.de\/Kunst\/wp-json\/wp\/v2\/tags?post=4702"},{"taxonomy":"tribe_events_cat","embeddable":true,"href":"http:\/\/www.tatwortimnetz.de\/Kunst\/wp-json\/wp\/v2\/tribe_events_cat?post=4702"}],"curies":[{"name":"wp","href":"https:\/\/api.w.org\/{rel}","templated":true}]}}

<h5>Zu Gast:<br />
weiterhin<br />
Masako Kato + Myu Hanaoka<br />
7. Mai – 1. Juni 2025</h5>
<p>Vernissage 7. Mai 2025, 18:00 Uhr</p>
<p>Im Jahr 2023 starteten Masako Kato und Myu Hanaoka ihr Projekt <strong>“;”</strong> (Semikolon) mit einer gemeinsamen<br />
Ausstellung in Köln. Mit seiner sowohl trennenden als auch verbindenden Funktion ähnelt das Semikolon<br />
der Mehrdeutigkeit, die die beiden Künstlerinnen erleben, wenn sie über Grenzen nachdenken. Ihr<br />
Austausch begann 2022 unter anderem mit der Frage “Was macht etwas, zu dem was es ist?”. Ihr Dialog<br />
darüber hält bis heute an und fand Ausdruck in ihren kontinuierlich weiterentwickelten Werken, die seitdem<br />
in drei kurz aufeinanderfolgenden Ausstellungen in Nagoya, Hiroshima und Tokyo gezeigt wurden.<br />
Mobilität, Bewegung und Reisen – ebenso wie das Arbeiten über geografische und kulturelle Grenzen<br />
hinweg – sind zentrale Elemente des gemeinschaftlichen Projekts. Mit jeder Präsentation verändern sich die<br />
Werke von Kato und Hanaoka, beeinflusst durch die räumliche und zeitliche Bewegung und den damit<br />
verbundenen Einschränkungen – wie Zeitverschiebung, Erschöpfung durch das Reisen, Größe und Gewicht<br />
der Arbeiten durch deren persönlichen Transport – sowie durch die jeweiligen Ausstellungsorte und die<br />
anhaltenden Gespräche über all das.<br />
Mit der Ausstellung “weiterhin” findet das Projekt “;” einen vorläufigen Abschluss im no cube in Münster.<br />
Wie haben sich die Werke auf der Reise verändert? Was wird von dieser Bewegung für die Betrachter:innen<br />
erfahrbar sein? Und welche Rolle spielen Orte und Länder für die Produktion und Wahrnehmung von<br />
Kunstwerken?<br />
Kuratorin: Antonia Lotz</p>
<p>Die Ausstellung im no Cube entsteht im Rahmen von Masako Katos start3 Stipendium und wird von der<br />
Volksbank im Münsterland eG gefördert.</p>
