{"id":4704,"date":"2025-03-02T11:49:34","date_gmt":"2025-03-02T10:49:34","guid":{"rendered":"http:\/\/www.tatwortimnetz.de\/Kunst\/?post_type=tribe_events&#038;p=4704"},"modified":"2025-03-02T11:49:34","modified_gmt":"2025-03-02T10:49:34","slug":"faszination-lack-kunst-aus-asien-und-europa","status":"publish","type":"tribe_events","link":"http:\/\/www.tatwortimnetz.de\/Kunst\/event\/faszination-lack-kunst-aus-asien-und-europa\/","title":{"rendered":"Faszination Lack. Kunst aus Asien und Europa."},"content":{"rendered":"<p>Erstmals werden Lackobjekte aus der im Jahr 2023 von BASF Coatings in M\u00fcnster \u00fcbernommenen Sammlung gezeigt. Im Zentrum der Schau stehen die Exportlacke, die in Asien seit dem sp\u00e4ten 16. Jahrhundert f\u00fcr den europ\u00e4ischen Markt gefertigt wurden. Sie schlagen eine Br\u00fccke zwischen den Kulturen Ostasiens und Europas und sind eindrucksvolle Zeugnisse der fr\u00fchesten Verbindungen zwischen der fern\u00f6stlichen und der westlichen Welt.<\/p>\n","protected":false},"excerpt":{"rendered":"<p>Erstmals werden Lackobjekte aus der im Jahr 2023 von BASF Coatings in M\u00fcnster \u00fcbernommenen Sammlung gezeigt. Im Zentrum der Schau stehen die Exportlacke, die in Asien seit dem sp\u00e4ten 16. [&hellip;]<\/p>\n","protected":false},"author":1,"featured_media":4705,"comment_status":"open","ping_status":"closed","template":"","meta":{"_tribe_events_status":"","_tribe_events_status_reason":"","footnotes":""},"tags":[],"tribe_events_cat":[],"class_list":["post-4704","tribe_events","type-tribe_events","status-publish","has-post-thumbnail","hentry"],"_links":{"self":[{"href":"http:\/\/www.tatwortimnetz.de\/Kunst\/wp-json\/wp\/v2\/tribe_events\/4704","targetHints":{"allow":["GET"]}}],"collection":[{"href":"http:\/\/www.tatwortimnetz.de\/Kunst\/wp-json\/wp\/v2\/tribe_events"}],"about":[{"href":"http:\/\/www.tatwortimnetz.de\/Kunst\/wp-json\/wp\/v2\/types\/tribe_events"}],"author":[{"embeddable":true,"href":"http:\/\/www.tatwortimnetz.de\/Kunst\/wp-json\/wp\/v2\/users\/1"}],"replies":[{"embeddable":true,"href":"http:\/\/www.tatwortimnetz.de\/Kunst\/wp-json\/wp\/v2\/comments?post=4704"}],"version-history":[{"count":1,"href":"http:\/\/www.tatwortimnetz.de\/Kunst\/wp-json\/wp\/v2\/tribe_events\/4704\/revisions"}],"predecessor-version":[{"id":4706,"href":"http:\/\/www.tatwortimnetz.de\/Kunst\/wp-json\/wp\/v2\/tribe_events\/4704\/revisions\/4706"}],"wp:featuredmedia":[{"embeddable":true,"href":"http:\/\/www.tatwortimnetz.de\/Kunst\/wp-json\/wp\/v2\/media\/4705"}],"wp:attachment":[{"href":"http:\/\/www.tatwortimnetz.de\/Kunst\/wp-json\/wp\/v2\/media?parent=4704"}],"wp:term":[{"taxonomy":"post_tag","embeddable":true,"href":"http:\/\/www.tatwortimnetz.de\/Kunst\/wp-json\/wp\/v2\/tags?post=4704"},{"taxonomy":"tribe_events_cat","embeddable":true,"href":"http:\/\/www.tatwortimnetz.de\/Kunst\/wp-json\/wp\/v2\/tribe_events_cat?post=4704"}],"curies":[{"name":"wp","href":"https:\/\/api.w.org\/{rel}","templated":true}]}}

<p>Erstmals werden Lackobjekte aus der im Jahr 2023 von BASF Coatings in Münster übernommenen Sammlung gezeigt. Im Zentrum der Schau stehen die Exportlacke, die in Asien seit dem späten 16. Jahrhundert für den europäischen Markt gefertigt wurden. Sie schlagen eine Brücke zwischen den Kulturen Ostasiens und Europas und sind eindrucksvolle Zeugnisse der frühesten Verbindungen zwischen der fernöstlichen und der westlichen Welt.</p>

<p>Erstmals werden Lackobjekte aus der im Jahr 2023 von BASF Coatings in Münster übernommenen Sammlung gezeigt. Im Zentrum der Schau stehen die Exportlacke, die in Asien seit dem späten 16. [&hellip;]</p>
