{"id":4719,"date":"2025-03-02T12:43:07","date_gmt":"2025-03-02T11:43:07","guid":{"rendered":"http:\/\/www.tatwortimnetz.de\/Kunst\/?post_type=tribe_events&#038;p=4719"},"modified":"2025-03-02T12:43:40","modified_gmt":"2025-03-02T11:43:40","slug":"tag-der-druckkunst-2025","status":"publish","type":"tribe_events","link":"http:\/\/www.tatwortimnetz.de\/Kunst\/event\/tag-der-druckkunst-2025\/","title":{"rendered":"TAG DER DRUCKKUNST 2025"},"content":{"rendered":"<p><span class=\"_ap3a _aaco _aacu _aacx _aad7 _aade\" dir=\"auto\">TAG DER DRUCKKUNST 2025 &#8211; Von der Schleudergrafik \u00fcber den Spreng- zum Hochdruck,<br \/>\n<\/span><\/p>\n<p><span class=\"_ap3a _aaco _aacu _aacx _aad7 _aade\" dir=\"auto\">Zum Tag der Druckkunst hat die Ateliergemeinschaft Schulstra\u00dfe auch dieses Jahr wieder G\u00e4ste eingeladen, mit Ihnen dem Druck zu fr\u00f6nen.<\/span><\/p>\n<p><span class=\"_ap3a _aaco _aacu _aacx _aad7 _aade\" dir=\"auto\">14 G\u00e4sten in sieben offenen Studios am 15. &amp; 16. M\u00e4rz von 15-18 Uhr in der Ateliergemeinschaft Schulstra\u00dfe, Schulstra\u00dfe 43 in 48149 M\u00fcnster <\/span><\/p>\n<p><a href=\"https:\/\/ateliergemeinschaft.com\/\">https:\/\/ateliergemeinschaft.com\/<\/a><\/p>\n","protected":false},"excerpt":{"rendered":"<p>TAG DER DRUCKKUNST 2025 &#8211; Von der Schleudergrafik \u00fcber den Spreng- zum Hochdruck, Zum Tag der Druckkunst hat die Ateliergemeinschaft Schulstra\u00dfe auch dieses Jahr wieder G\u00e4ste eingeladen, mit Ihnen dem [&hellip;]<\/p>\n","protected":false},"author":1,"featured_media":0,"comment_status":"open","ping_status":"closed","template":"","meta":{"_tribe_events_status":"","_tribe_events_status_reason":"","footnotes":""},"tags":[],"tribe_events_cat":[],"class_list":["post-4719","tribe_events","type-tribe_events","status-publish","hentry"],"_links":{"self":[{"href":"http:\/\/www.tatwortimnetz.de\/Kunst\/wp-json\/wp\/v2\/tribe_events\/4719","targetHints":{"allow":["GET"]}}],"collection":[{"href":"http:\/\/www.tatwortimnetz.de\/Kunst\/wp-json\/wp\/v2\/tribe_events"}],"about":[{"href":"http:\/\/www.tatwortimnetz.de\/Kunst\/wp-json\/wp\/v2\/types\/tribe_events"}],"author":[{"embeddable":true,"href":"http:\/\/www.tatwortimnetz.de\/Kunst\/wp-json\/wp\/v2\/users\/1"}],"replies":[{"embeddable":true,"href":"http:\/\/www.tatwortimnetz.de\/Kunst\/wp-json\/wp\/v2\/comments?post=4719"}],"version-history":[{"count":1,"href":"http:\/\/www.tatwortimnetz.de\/Kunst\/wp-json\/wp\/v2\/tribe_events\/4719\/revisions"}],"predecessor-version":[{"id":4720,"href":"http:\/\/www.tatwortimnetz.de\/Kunst\/wp-json\/wp\/v2\/tribe_events\/4719\/revisions\/4720"}],"wp:attachment":[{"href":"http:\/\/www.tatwortimnetz.de\/Kunst\/wp-json\/wp\/v2\/media?parent=4719"}],"wp:term":[{"taxonomy":"post_tag","embeddable":true,"href":"http:\/\/www.tatwortimnetz.de\/Kunst\/wp-json\/wp\/v2\/tags?post=4719"},{"taxonomy":"tribe_events_cat","embeddable":true,"href":"http:\/\/www.tatwortimnetz.de\/Kunst\/wp-json\/wp\/v2\/tribe_events_cat?post=4719"}],"curies":[{"name":"wp","href":"https:\/\/api.w.org\/{rel}","templated":true}]}}

<p><span class="_ap3a _aaco _aacu _aacx _aad7 _aade" dir="auto">TAG DER DRUCKKUNST 2025 &#8211; Von der Schleudergrafik über den Spreng- zum Hochdruck,<br />
</span></p>
<p><span class="_ap3a _aaco _aacu _aacx _aad7 _aade" dir="auto">Zum Tag der Druckkunst hat die Ateliergemeinschaft Schulstraße auch dieses Jahr wieder Gäste eingeladen, mit Ihnen dem Druck zu frönen.</span></p>
<p><span class="_ap3a _aaco _aacu _aacx _aad7 _aade" dir="auto">14 Gästen in sieben offenen Studios am 15. &amp; 16. März von 15-18 Uhr in der Ateliergemeinschaft Schulstraße, Schulstraße 43 in 48149 Münster </span></p>
<p><a href="https://ateliergemeinschaft.com/">https://ateliergemeinschaft.com/</a></p>

<p>TAG DER DRUCKKUNST 2025 &#8211; Von der Schleudergrafik über den Spreng- zum Hochdruck, Zum Tag der Druckkunst hat die Ateliergemeinschaft Schulstraße auch dieses Jahr wieder Gäste eingeladen, mit Ihnen dem [&hellip;]</p>
