{"id":4829,"date":"2025-04-14T13:21:24","date_gmt":"2025-04-14T11:21:24","guid":{"rendered":"https:\/\/www.tatwortimnetz.de\/Kunst\/?post_type=tribe_events&#038;p=4829"},"modified":"2025-04-14T13:21:39","modified_gmt":"2025-04-14T11:21:39","slug":"oeffnungsverhaeltnis-julia-rueckeis-und-margot-zuendorf-breuer","status":"publish","type":"tribe_events","link":"http:\/\/www.tatwortimnetz.de\/Kunst\/event\/oeffnungsverhaeltnis-julia-rueckeis-und-margot-zuendorf-breuer\/","title":{"rendered":"\u00d6FFNUNGSVERH\u00c4LTNIS. Julia R\u00fcckeis und Margot Z\u00fcndorf Breuer"},"content":{"rendered":"<div id=\"cc-m-4818571664\" class=\"j-module n j-header \">\n<h3 id=\"cc-m-header-4818571664\" class=\"\">SO66 Produzentengalerie<\/h3>\n<\/div>\n<div id=\"cc-m-4817128264\" class=\"j-module n j-text \">\n<p>Soester Stra\u00dfe 66\/<\/p>\n<p>Ecke Hafenweg<\/p>\n<p>48155 M\u00fcnster<\/p>\n<p>&nbsp;<\/p>\n<p><strong>\u00d6ffnungszeiten:<\/strong><\/p>\n<p>SA + So 15:00-18:00 Uhr<\/p>\n<p><strong>Ostern + Pfingsten geschlossen<\/strong><\/p>\n<p>&nbsp;<\/p>\n<p>Tel.: 0175 605 26 17<\/p>\n<p><a href=\"mailto:so-66@web.de\">so-66@web.de<\/a><\/p>\n<p><a href=\"http:\/\/www.so-66.de\/\" target=\"_top\">www.so-66.de<\/a><\/p>\n<\/div>\n","protected":false},"excerpt":{"rendered":"<p>SO66 Produzentengalerie Soester Stra\u00dfe 66\/ Ecke Hafenweg 48155 M\u00fcnster &nbsp; \u00d6ffnungszeiten: SA + So 15:00-18:00 Uhr Ostern + Pfingsten geschlossen &nbsp; Tel.: 0175 605 26 17 so-66@web.de www.so-66.de<\/p>\n","protected":false},"author":1,"featured_media":0,"comment_status":"open","ping_status":"closed","template":"","meta":{"_tribe_events_status":"","_tribe_events_status_reason":"","footnotes":""},"tags":[],"tribe_events_cat":[],"class_list":["post-4829","tribe_events","type-tribe_events","status-publish","hentry"],"_links":{"self":[{"href":"http:\/\/www.tatwortimnetz.de\/Kunst\/wp-json\/wp\/v2\/tribe_events\/4829","targetHints":{"allow":["GET"]}}],"collection":[{"href":"http:\/\/www.tatwortimnetz.de\/Kunst\/wp-json\/wp\/v2\/tribe_events"}],"about":[{"href":"http:\/\/www.tatwortimnetz.de\/Kunst\/wp-json\/wp\/v2\/types\/tribe_events"}],"author":[{"embeddable":true,"href":"http:\/\/www.tatwortimnetz.de\/Kunst\/wp-json\/wp\/v2\/users\/1"}],"replies":[{"embeddable":true,"href":"http:\/\/www.tatwortimnetz.de\/Kunst\/wp-json\/wp\/v2\/comments?post=4829"}],"version-history":[{"count":2,"href":"http:\/\/www.tatwortimnetz.de\/Kunst\/wp-json\/wp\/v2\/tribe_events\/4829\/revisions"}],"predecessor-version":[{"id":4831,"href":"http:\/\/www.tatwortimnetz.de\/Kunst\/wp-json\/wp\/v2\/tribe_events\/4829\/revisions\/4831"}],"wp:attachment":[{"href":"http:\/\/www.tatwortimnetz.de\/Kunst\/wp-json\/wp\/v2\/media?parent=4829"}],"wp:term":[{"taxonomy":"post_tag","embeddable":true,"href":"http:\/\/www.tatwortimnetz.de\/Kunst\/wp-json\/wp\/v2\/tags?post=4829"},{"taxonomy":"tribe_events_cat","embeddable":true,"href":"http:\/\/www.tatwortimnetz.de\/Kunst\/wp-json\/wp\/v2\/tribe_events_cat?post=4829"}],"curies":[{"name":"wp","href":"https:\/\/api.w.org\/{rel}","templated":true}]}}

ÖFFNUNGSVERHÄLTNIS. Julia Rückeis und Margot Zündorf Breuer

<div id="cc-m-4818571664" class="j-module n j-header ">
<h3 id="cc-m-header-4818571664" class="">SO66 Produzentengalerie</h3>
</div>
<div id="cc-m-4817128264" class="j-module n j-text ">
<p>Soester Straße 66/</p>
<p>Ecke Hafenweg</p>
<p>48155 Münster</p>
<p>&nbsp;</p>
<p><strong>Öffnungszeiten:</strong></p>
<p>SA + So 15:00-18:00 Uhr</p>
<p><strong>Ostern + Pfingsten geschlossen</strong></p>
<p>&nbsp;</p>
<p>Tel.: 0175 605 26 17</p>
<p><a href="mailto:so-66@web.de">so-66@web.de</a></p>
<p><a href="http://www.so-66.de/" target="_top">www.so-66.de</a></p>
</div>

<p>SO66 Produzentengalerie Soester Straße 66/ Ecke Hafenweg 48155 Münster &nbsp; Öffnungszeiten: SA + So 15:00-18:00 Uhr Ostern + Pfingsten geschlossen &nbsp; Tel.: 0175 605 26 17 so-66@web.de www.so-66.de</p>
