{"id":4840,"date":"2025-04-14T14:01:25","date_gmt":"2025-04-14T12:01:25","guid":{"rendered":"https:\/\/www.tatwortimnetz.de\/Kunst\/?post_type=tribe_events&#038;p=4840"},"modified":"2025-04-14T14:06:39","modified_gmt":"2025-04-14T12:06:39","slug":"kuenstlergruppe-rheinbruecke-die-tiefe-des-sichtbaren","status":"publish","type":"tribe_events","link":"http:\/\/www.tatwortimnetz.de\/Kunst\/event\/kuenstlergruppe-rheinbruecke-die-tiefe-des-sichtbaren\/","title":{"rendered":"K\u00fcnstlergruppe RheinBr\u00fccke. Die Tiefe des Sichtbaren."},"content":{"rendered":"<p>Min Clara Kim \u2013 D\u00fcsseldorf \/ Hugo Boguslawski \u2013 D\u00fcsseldorf \/ Elizabeth Weckes \u2013 K\u00f6ln \/ Matthias Brock \u2013 K\u00f6ln<\/p>\n<p>Malerei, die \u201edie Tiefe des Sichtbaren\u201c auslotet \u2013 das Motto der \u201eRheinBr\u00fccke\u201c.<\/p>\n<p>Alle vier K\u00fcnstler sind Meistersch\u00fcler der Kunstakademie M\u00fcnster, sie leben und arbeiten in D\u00fcsseldorf und K\u00f6ln.<br \/>\nDie Ausstellungshalle am Hawerkamp pr\u00e4sentiert sie in ihrer alten Heimat M\u00fcnster.<\/p>\n<p>Ero\u0308ffnung: Freitag, 25.04.2025 um 19 Uhr<\/p>\n<p>Einfu\u0308hrung: Ralf Hartweg, Kunsthistoriker und Kurator, Mu\u0308nster<\/p>\n<p>Finissage: Sonntag, 25.05.2025<\/p>\n<p>O\u0308ffnungszeit: Samstag 15-18 Uhr und Sonntag 12-18 Uhr<\/p>\n<p><strong>Ausstellungshalle Hawerkamp<\/strong><br \/>\nAm Hawerkamp 31 | 48155 M\u00fcnster | Sa 15\u201318, So 12\u201318 Uhr<\/p>\n","protected":false},"excerpt":{"rendered":"<p>Min Clara Kim \u2013 D\u00fcsseldorf \/ Hugo Boguslawski \u2013 D\u00fcsseldorf \/ Elizabeth Weckes \u2013 K\u00f6ln \/ Matthias Brock \u2013 K\u00f6ln Malerei, die \u201edie Tiefe des Sichtbaren\u201c auslotet \u2013 das Motto [&hellip;]<\/p>\n","protected":false},"author":1,"featured_media":0,"comment_status":"open","ping_status":"closed","template":"","meta":{"_tribe_events_status":"","_tribe_events_status_reason":"","footnotes":""},"tags":[],"tribe_events_cat":[],"class_list":["post-4840","tribe_events","type-tribe_events","status-publish","hentry"],"_links":{"self":[{"href":"http:\/\/www.tatwortimnetz.de\/Kunst\/wp-json\/wp\/v2\/tribe_events\/4840","targetHints":{"allow":["GET"]}}],"collection":[{"href":"http:\/\/www.tatwortimnetz.de\/Kunst\/wp-json\/wp\/v2\/tribe_events"}],"about":[{"href":"http:\/\/www.tatwortimnetz.de\/Kunst\/wp-json\/wp\/v2\/types\/tribe_events"}],"author":[{"embeddable":true,"href":"http:\/\/www.tatwortimnetz.de\/Kunst\/wp-json\/wp\/v2\/users\/1"}],"replies":[{"embeddable":true,"href":"http:\/\/www.tatwortimnetz.de\/Kunst\/wp-json\/wp\/v2\/comments?post=4840"}],"version-history":[{"count":3,"href":"http:\/\/www.tatwortimnetz.de\/Kunst\/wp-json\/wp\/v2\/tribe_events\/4840\/revisions"}],"predecessor-version":[{"id":4843,"href":"http:\/\/www.tatwortimnetz.de\/Kunst\/wp-json\/wp\/v2\/tribe_events\/4840\/revisions\/4843"}],"wp:attachment":[{"href":"http:\/\/www.tatwortimnetz.de\/Kunst\/wp-json\/wp\/v2\/media?parent=4840"}],"wp:term":[{"taxonomy":"post_tag","embeddable":true,"href":"http:\/\/www.tatwortimnetz.de\/Kunst\/wp-json\/wp\/v2\/tags?post=4840"},{"taxonomy":"tribe_events_cat","embeddable":true,"href":"http:\/\/www.tatwortimnetz.de\/Kunst\/wp-json\/wp\/v2\/tribe_events_cat?post=4840"}],"curies":[{"name":"wp","href":"https:\/\/api.w.org\/{rel}","templated":true}]}}

Künstlergruppe RheinBrücke. Die Tiefe des Sichtbaren.

<p>Min Clara Kim – Düsseldorf / Hugo Boguslawski – Düsseldorf / Elizabeth Weckes – Köln / Matthias Brock – Köln</p>
<p>Malerei, die „die Tiefe des Sichtbaren“ auslotet – das Motto der „RheinBrücke“.</p>
<p>Alle vier Künstler sind Meisterschüler der Kunstakademie Münster, sie leben und arbeiten in Düsseldorf und Köln.<br />
Die Ausstellungshalle am Hawerkamp präsentiert sie in ihrer alten Heimat Münster.</p>
<p>Eröffnung: Freitag, 25.04.2025 um 19 Uhr</p>
<p>Einführung: Ralf Hartweg, Kunsthistoriker und Kurator, Münster</p>
<p>Finissage: Sonntag, 25.05.2025</p>
<p>Öffnungszeit: Samstag 15-18 Uhr und Sonntag 12-18 Uhr</p>
<p><strong>Ausstellungshalle Hawerkamp</strong><br />
Am Hawerkamp 31 | 48155 Münster | Sa 15–18, So 12–18 Uhr</p>

<p>Min Clara Kim – Düsseldorf / Hugo Boguslawski – Düsseldorf / Elizabeth Weckes – Köln / Matthias Brock – Köln Malerei, die „die Tiefe des Sichtbaren“ auslotet – das Motto [&hellip;]</p>
