{"id":4849,"date":"2025-04-14T14:17:34","date_gmt":"2025-04-14T12:17:34","guid":{"rendered":"https:\/\/www.tatwortimnetz.de\/Kunst\/?post_type=tribe_events&#038;p=4849"},"modified":"2025-04-14T14:18:17","modified_gmt":"2025-04-14T12:18:17","slug":"open-wall-das-besondere-ausstellungsformat","status":"publish","type":"tribe_events","link":"http:\/\/www.tatwortimnetz.de\/Kunst\/event\/open-wall-das-besondere-ausstellungsformat\/","title":{"rendered":"Open Wall. Das besondere Ausstellungsformat."},"content":{"rendered":"<p>Das besondere Ausstellungsformat \u201eOpen Wall\u201c geht bald wieder frisch an den Start. Die Er\u00f6ffnung ist 5. Mai 2025 um 19.30 Uhr, die Ausstellungslaufzeit ist vom 5. Mai bis zum 6. Juli 2025.<\/p>\n<p>Die Gruppenausstellung \u201eOpen Wall\u201c bietet Laien- und Profik\u00fcnstler*innen jedes Alters die Gelegenheit, k\u00fcnstlerische Werke einem interessierten Publikum zu pr\u00e4sentieren. Das Ausstellungsformat Open Wall steht in diesem Jahr unter einem Thema: \u201eVom Reisen und Verweilen\u201c.<\/p>\n<p>Das Format f\u00fcr Laien- und Profik\u00fcnstler*innen traf in den vergangenen Jahren auf gro\u00dfes Interesse. Sowohl Sch\u00fcler*innen, Student*innen, Grafiker*innen, Autodidakt*innen bis hin zu K\u00fcnstler*innen hohen Alters nahmen teil. Die Besuchenden der letzten Open Wall konnten Werke von fast neunzig Mitwirkenden betrachten und in der Vielzahl der Werke ganz besondere Exponate entdecken.<\/p>\n<p>In diesem Jahr sind mit dabei:<br \/>\nNicola Ahlborn, Mar\u00eda Andr\u00e9s, Annette Arens, Manfred Aufderlandwehr, Britta Bender, Merle Biesel, Robin Bolt, Franka Boltz, Axel Carneim, Sonia Carpinelli, Kiki Dietz, Simone Dobbener-Schulz, Esmeralda Edelstein, Angelika Federhen, Alba Frenzel, Verena Gerling-Scheibe, Karola Gerschmann, Uwe Hansen, Andrea Hase, Heike Hauser, Babette Havers, Ronja Luise Henter, Thomas Hesselmann-H\u00f6fling, Franz-Josef Heufert, Gabi H\u00f6rsting, Rosa Ialacci, Werner Keppler, Hubertus Kneilmann-Uek\u00f6tter, Eva Maria Koch, Karin Koppenhagen, Renate Kotzke, Olga Krakovyak , Hedwig Krause, Judith Kreuzberg, Thomas Kuhlenbeck, Julia L\u00f6wenberg, Marita Herold-Frese, J\u00fcrgen Meier, Dr. Kathrin Menke, Anja Mertins , Nicola M\u00fcnder, Ayse \u00d6yk\u00fc \u00d6zg\u00fcn, Martina Pott, Miriam Przygoda, Angelika Remen, David Ritzmann, Elisabeth Richter, Evelin Roth, Almuth Rusteberg , Jochen Schindelmeiser, Ralf Schindler, Monika Schiwy, Liane Sommer, Alya Sofia Selz, Christiane Spooren, Benedikt Steinpass, Simone Thuenemann, Angelika Trillsch, Max Trussat, Luise Tschakert, Valeria Ulman, Susanne van der Giet, Markus van Eck, Marianne V\u00e9zinaud, Ulrike V\u00f6lker, Alice Weinlich, Mechthild Wermeling, Wiebke Werner, Sabina Westendarp, Andy Wheels, Edith Wiels, Anke Winterkemper, Margot Z\u00fcndorf Breuer<\/p>\n","protected":false},"excerpt":{"rendered":"<p>Das besondere Ausstellungsformat \u201eOpen Wall\u201c geht bald wieder frisch an den Start. Die Er\u00f6ffnung ist 5. Mai 2025 um 19.30 Uhr, die Ausstellungslaufzeit ist vom 5. Mai bis zum 6. [&hellip;]<\/p>\n","protected":false},"author":1,"featured_media":4850,"comment_status":"open","ping_status":"closed","template":"","meta":{"_tribe_events_status":"","_tribe_events_status_reason":"","footnotes":""},"tags":[],"tribe_events_cat":[],"class_list":["post-4849","tribe_events","type-tribe_events","status-publish","has-post-thumbnail","hentry"],"_links":{"self":[{"href":"http:\/\/www.tatwortimnetz.de\/Kunst\/wp-json\/wp\/v2\/tribe_events\/4849","targetHints":{"allow":["GET"]}}],"collection":[{"href":"http:\/\/www.tatwortimnetz.de\/Kunst\/wp-json\/wp\/v2\/tribe_events"}],"about":[{"href":"http:\/\/www.tatwortimnetz.de\/Kunst\/wp-json\/wp\/v2\/types\/tribe_events"}],"author":[{"embeddable":true,"href":"http:\/\/www.tatwortimnetz.de\/Kunst\/wp-json\/wp\/v2\/users\/1"}],"replies":[{"embeddable":true,"href":"http:\/\/www.tatwortimnetz.de\/Kunst\/wp-json\/wp\/v2\/comments?post=4849"}],"version-history":[{"count":2,"href":"http:\/\/www.tatwortimnetz.de\/Kunst\/wp-json\/wp\/v2\/tribe_events\/4849\/revisions"}],"predecessor-version":[{"id":4852,"href":"http:\/\/www.tatwortimnetz.de\/Kunst\/wp-json\/wp\/v2\/tribe_events\/4849\/revisions\/4852"}],"wp:featuredmedia":[{"embeddable":true,"href":"http:\/\/www.tatwortimnetz.de\/Kunst\/wp-json\/wp\/v2\/media\/4850"}],"wp:attachment":[{"href":"http:\/\/www.tatwortimnetz.de\/Kunst\/wp-json\/wp\/v2\/media?parent=4849"}],"wp:term":[{"taxonomy":"post_tag","embeddable":true,"href":"http:\/\/www.tatwortimnetz.de\/Kunst\/wp-json\/wp\/v2\/tags?post=4849"},{"taxonomy":"tribe_events_cat","embeddable":true,"href":"http:\/\/www.tatwortimnetz.de\/Kunst\/wp-json\/wp\/v2\/tribe_events_cat?post=4849"}],"curies":[{"name":"wp","href":"https:\/\/api.w.org\/{rel}","templated":true}]}}

<p>Das besondere Ausstellungsformat „Open Wall“ geht bald wieder frisch an den Start. Die Eröffnung ist 5. Mai 2025 um 19.30 Uhr, die Ausstellungslaufzeit ist vom 5. Mai bis zum 6. Juli 2025.</p>
<p>Die Gruppenausstellung „Open Wall“ bietet Laien- und Profikünstler*innen jedes Alters die Gelegenheit, künstlerische Werke einem interessierten Publikum zu präsentieren. Das Ausstellungsformat Open Wall steht in diesem Jahr unter einem Thema: „Vom Reisen und Verweilen“.</p>
<p>Das Format für Laien- und Profikünstler*innen traf in den vergangenen Jahren auf großes Interesse. Sowohl Schüler*innen, Student*innen, Grafiker*innen, Autodidakt*innen bis hin zu Künstler*innen hohen Alters nahmen teil. Die Besuchenden der letzten Open Wall konnten Werke von fast neunzig Mitwirkenden betrachten und in der Vielzahl der Werke ganz besondere Exponate entdecken.</p>
<p>In diesem Jahr sind mit dabei:<br />
Nicola Ahlborn, María Andrés, Annette Arens, Manfred Aufderlandwehr, Britta Bender, Merle Biesel, Robin Bolt, Franka Boltz, Axel Carneim, Sonia Carpinelli, Kiki Dietz, Simone Dobbener-Schulz, Esmeralda Edelstein, Angelika Federhen, Alba Frenzel, Verena Gerling-Scheibe, Karola Gerschmann, Uwe Hansen, Andrea Hase, Heike Hauser, Babette Havers, Ronja Luise Henter, Thomas Hesselmann-Höfling, Franz-Josef Heufert, Gabi Hörsting, Rosa Ialacci, Werner Keppler, Hubertus Kneilmann-Uekötter, Eva Maria Koch, Karin Koppenhagen, Renate Kotzke, Olga Krakovyak , Hedwig Krause, Judith Kreuzberg, Thomas Kuhlenbeck, Julia Löwenberg, Marita Herold-Frese, Jürgen Meier, Dr. Kathrin Menke, Anja Mertins , Nicola Münder, Ayse Öykü Özgün, Martina Pott, Miriam Przygoda, Angelika Remen, David Ritzmann, Elisabeth Richter, Evelin Roth, Almuth Rusteberg , Jochen Schindelmeiser, Ralf Schindler, Monika Schiwy, Liane Sommer, Alya Sofia Selz, Christiane Spooren, Benedikt Steinpass, Simone Thuenemann, Angelika Trillsch, Max Trussat, Luise Tschakert, Valeria Ulman, Susanne van der Giet, Markus van Eck, Marianne Vézinaud, Ulrike Völker, Alice Weinlich, Mechthild Wermeling, Wiebke Werner, Sabina Westendarp, Andy Wheels, Edith Wiels, Anke Winterkemper, Margot Zündorf Breuer</p>

<p>Das besondere Ausstellungsformat „Open Wall“ geht bald wieder frisch an den Start. Die Eröffnung ist 5. Mai 2025 um 19.30 Uhr, die Ausstellungslaufzeit ist vom 5. Mai bis zum 6. [&hellip;]</p>
