{"id":4853,"date":"2025-04-14T14:21:28","date_gmt":"2025-04-14T12:21:28","guid":{"rendered":"https:\/\/www.tatwortimnetz.de\/Kunst\/?post_type=tribe_events&#038;p=4853"},"modified":"2025-04-14T14:21:37","modified_gmt":"2025-04-14T12:21:37","slug":"masako-kato-und-myu-hanaoka-weiterhin-07-05-25-01-06-25","status":"publish","type":"tribe_events","link":"http:\/\/www.tatwortimnetz.de\/Kunst\/event\/masako-kato-und-myu-hanaoka-weiterhin-07-05-25-01-06-25\/","title":{"rendered":"Masako Kato und Myu Hanaoka. weiterhin"},"content":{"rendered":"<section class=\"av_textblock_section av-m8e6owyk-e12d68a3b61c9f260b6611cacedbe2f2 \">\n<div class=\"avia_textblock\">\n<p>Seit 2023 arbeiten Masako Kato und Myu Hanaoka im gemeinsamen Projekt \u201e;\u201c (Semikolon) zusammen. Das Semikolon \u2013 ein Zeichen, das sowohl trennt als auch verbindet \u2013 steht f\u00fcr die Mehrdeutigkeit, die die beiden K\u00fcnstlerinnen empfinden, wenn sie \u00fcber Grenzen nachdenken.<\/p>\n<p>Ihr k\u00fcnstlerischer Austausch begann 2022 mit der Frage: \u201eWas macht etwas zu dem, was es ist?\u201c Diese Reflexion f\u00fchrte zu einer Werkreihe, die sich mit jeder Ausstellung weiterentwickelt. Nach Pr\u00e4sentationen in Nagoya, Hiroshima und Tokio erreicht das Projekt nun mit der Ausstellung \u201eweiterhin\u201c im no cube seinen vorl\u00e4ufigen Abschluss.<\/p>\n<p>Mobilit\u00e4t, Bewegung und das Arbeiten \u00fcber geografische und kulturelle Grenzen hinweg sind zentrale Themen. Die Werke ver\u00e4ndern sich durch Orte, Zeiten und Bedingungen \u2013 von der Zeitverschiebung \u00fcber Ersch\u00f6pfung bis hin zu den physischen Grenzen des Transports. Doch was bleibt von dieser Bewegung sichtbar? Welche Spuren hinterl\u00e4sst die Reise?<\/p>\n<p>Die Ausstellung entsteht im Rahmen von Masako Katos start3 Stipendium und wird von der Volksbank im M\u00fcnsterland eG\u2004gef\u00f6rdert<\/p>\n<\/div>\n<\/section>\n<p><strong>no cube<\/strong><br \/>\nAchtermannstr. 26 | 48143 M\u00fcnster | Mi 15\u201318 Uhr<\/p>\n<p>&nbsp;<\/p>\n<p>&nbsp;<\/p>\n","protected":false},"excerpt":{"rendered":"<p>Seit 2023 arbeiten Masako Kato und Myu Hanaoka im gemeinsamen Projekt \u201e;\u201c (Semikolon) zusammen. Das Semikolon \u2013 ein Zeichen, das sowohl trennt als auch verbindet \u2013 steht f\u00fcr die Mehrdeutigkeit, [&hellip;]<\/p>\n","protected":false},"author":1,"featured_media":4854,"comment_status":"open","ping_status":"closed","template":"","meta":{"_tribe_events_status":"","_tribe_events_status_reason":"","footnotes":""},"tags":[],"tribe_events_cat":[],"class_list":["post-4853","tribe_events","type-tribe_events","status-publish","has-post-thumbnail","hentry"],"_links":{"self":[{"href":"http:\/\/www.tatwortimnetz.de\/Kunst\/wp-json\/wp\/v2\/tribe_events\/4853","targetHints":{"allow":["GET"]}}],"collection":[{"href":"http:\/\/www.tatwortimnetz.de\/Kunst\/wp-json\/wp\/v2\/tribe_events"}],"about":[{"href":"http:\/\/www.tatwortimnetz.de\/Kunst\/wp-json\/wp\/v2\/types\/tribe_events"}],"author":[{"embeddable":true,"href":"http:\/\/www.tatwortimnetz.de\/Kunst\/wp-json\/wp\/v2\/users\/1"}],"replies":[{"embeddable":true,"href":"http:\/\/www.tatwortimnetz.de\/Kunst\/wp-json\/wp\/v2\/comments?post=4853"}],"version-history":[{"count":2,"href":"http:\/\/www.tatwortimnetz.de\/Kunst\/wp-json\/wp\/v2\/tribe_events\/4853\/revisions"}],"predecessor-version":[{"id":4856,"href":"http:\/\/www.tatwortimnetz.de\/Kunst\/wp-json\/wp\/v2\/tribe_events\/4853\/revisions\/4856"}],"wp:featuredmedia":[{"embeddable":true,"href":"http:\/\/www.tatwortimnetz.de\/Kunst\/wp-json\/wp\/v2\/media\/4854"}],"wp:attachment":[{"href":"http:\/\/www.tatwortimnetz.de\/Kunst\/wp-json\/wp\/v2\/media?parent=4853"}],"wp:term":[{"taxonomy":"post_tag","embeddable":true,"href":"http:\/\/www.tatwortimnetz.de\/Kunst\/wp-json\/wp\/v2\/tags?post=4853"},{"taxonomy":"tribe_events_cat","embeddable":true,"href":"http:\/\/www.tatwortimnetz.de\/Kunst\/wp-json\/wp\/v2\/tribe_events_cat?post=4853"}],"curies":[{"name":"wp","href":"https:\/\/api.w.org\/{rel}","templated":true}]}}

<section class="av_textblock_section av-m8e6owyk-e12d68a3b61c9f260b6611cacedbe2f2 ">
<div class="avia_textblock">
<p>Seit 2023 arbeiten Masako Kato und Myu Hanaoka im gemeinsamen Projekt „;“ (Semikolon) zusammen. Das Semikolon – ein Zeichen, das sowohl trennt als auch verbindet – steht für die Mehrdeutigkeit, die die beiden Künstlerinnen empfinden, wenn sie über Grenzen nachdenken.</p>
<p>Ihr künstlerischer Austausch begann 2022 mit der Frage: „Was macht etwas zu dem, was es ist?“ Diese Reflexion führte zu einer Werkreihe, die sich mit jeder Ausstellung weiterentwickelt. Nach Präsentationen in Nagoya, Hiroshima und Tokio erreicht das Projekt nun mit der Ausstellung „weiterhin“ im no cube seinen vorläufigen Abschluss.</p>
<p>Mobilität, Bewegung und das Arbeiten über geografische und kulturelle Grenzen hinweg sind zentrale Themen. Die Werke verändern sich durch Orte, Zeiten und Bedingungen – von der Zeitverschiebung über Erschöpfung bis hin zu den physischen Grenzen des Transports. Doch was bleibt von dieser Bewegung sichtbar? Welche Spuren hinterlässt die Reise?</p>
<p>Die Ausstellung entsteht im Rahmen von Masako Katos start3 Stipendium und wird von der Volksbank im Münsterland eG gefördert</p>
</div>
</section>
<p><strong>no cube</strong><br />
Achtermannstr. 26 | 48143 Münster | Mi 15–18 Uhr</p>
<p>&nbsp;</p>
<p>&nbsp;</p>

<p>Seit 2023 arbeiten Masako Kato und Myu Hanaoka im gemeinsamen Projekt „;“ (Semikolon) zusammen. Das Semikolon – ein Zeichen, das sowohl trennt als auch verbindet – steht für die Mehrdeutigkeit, [&hellip;]</p>
