{"id":4886,"date":"2025-04-24T11:46:26","date_gmt":"2025-04-24T09:46:26","guid":{"rendered":"https:\/\/www.tatwortimnetz.de\/Kunst\/?post_type=tribe_events&#038;p=4886"},"modified":"2025-04-24T11:46:26","modified_gmt":"2025-04-24T09:46:26","slug":"offene-ateliers-2025-fak-muenster","status":"publish","type":"tribe_events","link":"http:\/\/www.tatwortimnetz.de\/Kunst\/event\/offene-ateliers-2025-fak-muenster\/","title":{"rendered":"Offene Ateliers 2025 &#8211; FAK M\u00fcnster"},"content":{"rendered":"<p><strong>Mit\u00a0 <\/strong>Matthias Anders, Bettina Dettmer, Dorthe Goeden, Anke Gollub, Georg Hartung, Anja Kemker, Hyun Gyoung Kim, Willi Kramer, Johanna K Becker, Monir Nikouzinat Monfared, Martina Muck, Gertrud Neuhaus, Marion Niessing, Claudia Seibert, Anke Stellermann<\/p>\n<p>Das Atelierhaus an der Fresnostra\u00dfe mit seinem angeschlossenen Raum f\u00fcr Freie Kunst ist noch viel zu unbekanntl. Im Juni hat man wieder mal die M\u00f6glichkeit den blinden Fleck zu beseitigen und sich das Haus mit wirklich vielen gro\u00dfartigen Kunstschaffenden anzuschauen.<\/p>\n","protected":false},"excerpt":{"rendered":"<p>Mit\u00a0 Matthias Anders, Bettina Dettmer, Dorthe Goeden, Anke Gollub, Georg Hartung, Anja Kemker, Hyun Gyoung Kim, Willi Kramer, Johanna K Becker, Monir Nikouzinat Monfared, Martina Muck, Gertrud Neuhaus, Marion Niessing, [&hellip;]<\/p>\n","protected":false},"author":1,"featured_media":4887,"comment_status":"open","ping_status":"closed","template":"","meta":{"_tribe_events_status":"","_tribe_events_status_reason":"","footnotes":""},"tags":[],"tribe_events_cat":[],"class_list":["post-4886","tribe_events","type-tribe_events","status-publish","has-post-thumbnail","hentry"],"_links":{"self":[{"href":"http:\/\/www.tatwortimnetz.de\/Kunst\/wp-json\/wp\/v2\/tribe_events\/4886","targetHints":{"allow":["GET"]}}],"collection":[{"href":"http:\/\/www.tatwortimnetz.de\/Kunst\/wp-json\/wp\/v2\/tribe_events"}],"about":[{"href":"http:\/\/www.tatwortimnetz.de\/Kunst\/wp-json\/wp\/v2\/types\/tribe_events"}],"author":[{"embeddable":true,"href":"http:\/\/www.tatwortimnetz.de\/Kunst\/wp-json\/wp\/v2\/users\/1"}],"replies":[{"embeddable":true,"href":"http:\/\/www.tatwortimnetz.de\/Kunst\/wp-json\/wp\/v2\/comments?post=4886"}],"version-history":[{"count":1,"href":"http:\/\/www.tatwortimnetz.de\/Kunst\/wp-json\/wp\/v2\/tribe_events\/4886\/revisions"}],"predecessor-version":[{"id":4889,"href":"http:\/\/www.tatwortimnetz.de\/Kunst\/wp-json\/wp\/v2\/tribe_events\/4886\/revisions\/4889"}],"wp:featuredmedia":[{"embeddable":true,"href":"http:\/\/www.tatwortimnetz.de\/Kunst\/wp-json\/wp\/v2\/media\/4887"}],"wp:attachment":[{"href":"http:\/\/www.tatwortimnetz.de\/Kunst\/wp-json\/wp\/v2\/media?parent=4886"}],"wp:term":[{"taxonomy":"post_tag","embeddable":true,"href":"http:\/\/www.tatwortimnetz.de\/Kunst\/wp-json\/wp\/v2\/tags?post=4886"},{"taxonomy":"tribe_events_cat","embeddable":true,"href":"http:\/\/www.tatwortimnetz.de\/Kunst\/wp-json\/wp\/v2\/tribe_events_cat?post=4886"}],"curies":[{"name":"wp","href":"https:\/\/api.w.org\/{rel}","templated":true}]}}

Offene Ateliers 2025 &#8211; FAK Münster

<p><strong>Mit  </strong>Matthias Anders, Bettina Dettmer, Dorthe Goeden, Anke Gollub, Georg Hartung, Anja Kemker, Hyun Gyoung Kim, Willi Kramer, Johanna K Becker, Monir Nikouzinat Monfared, Martina Muck, Gertrud Neuhaus, Marion Niessing, Claudia Seibert, Anke Stellermann</p>
<p>Das Atelierhaus an der Fresnostraße mit seinem angeschlossenen Raum für Freie Kunst ist noch viel zu unbekanntl. Im Juni hat man wieder mal die Möglichkeit den blinden Fleck zu beseitigen und sich das Haus mit wirklich vielen großartigen Kunstschaffenden anzuschauen.</p>
