{"id":706,"date":"2022-02-28T15:55:36","date_gmt":"2022-02-28T14:55:36","guid":{"rendered":"https:\/\/www.tatwortimnetz.de\/Kunst\/?post_type=tribe_events&#038;p=706"},"modified":"2022-04-15T16:24:43","modified_gmt":"2022-04-15T14:24:43","slug":"der-augenblick-die-fotografin-annelise-kretschmer","status":"publish","type":"tribe_events","link":"http:\/\/www.tatwortimnetz.de\/Kunst\/event\/der-augenblick-die-fotografin-annelise-kretschmer\/","title":{"rendered":"Der Augenblick. Die Fotografin Annelise Kretschmer"},"content":{"rendered":"<p>Annelise Kretschmer (1903\u20131987) z\u00e4hlt zu den bedeutenden deutschen Fotografinnen, deren Arbeiten bereits in der Zeit der Weimarer Republik internationale Anerkennung erhielten. Mit ihrem besonderen Interesse an und ihrem Gesp\u00fcr f\u00fcr Menschen gelangen ihr eindringliche Portr\u00e4taufnahmen, die als das herausragende Charakteristikum ihres Schaffens gelten. Das LWL-Museum f\u00fcr Kunst und Kultur in M\u00fcnster, das seit Ende 2019 den Nachlass Kretschmers verwaltet, widmet dem Lebenswerk der in Dortmund geborenen Fotografin im Fr\u00fchjahr 2022 eine umfangreiche Sonderausstellung, die alle Schaffensphasen beleuchtet und ihrem bevorzugten Motiv \u2013 dem Portr\u00e4t \u2013 einen besonderen Schwerpunkt einr\u00e4umt. Die Ausstellung entsteht in Kooperation mit dem LWL-Medienzentrum f\u00fcr Westfalen.<\/p>\n<p>Gef\u00f6rdert durch: Ministerium f\u00fcr Kultur und Wissenschaft NRW, Kunststiftung NRW, Kulturstiftung der L\u00e4nder<\/p>\n","protected":false},"excerpt":{"rendered":"<p>Annelise Kretschmer (1903\u20131987) z\u00e4hlt zu den bedeutenden deutschen Fotografinnen, deren Arbeiten bereits in der Zeit der Weimarer Republik internationale Anerkennung erhielten. Mit ihrem besonderen Interesse an und ihrem Gesp\u00fcr f\u00fcr [&hellip;]<\/p>\n","protected":false},"author":1,"featured_media":864,"comment_status":"open","ping_status":"closed","template":"","meta":{"_tribe_events_status":"","_tribe_events_status_reason":"","footnotes":""},"tags":[],"tribe_events_cat":[],"class_list":["post-706","tribe_events","type-tribe_events","status-publish","has-post-thumbnail","hentry"],"_links":{"self":[{"href":"http:\/\/www.tatwortimnetz.de\/Kunst\/wp-json\/wp\/v2\/tribe_events\/706","targetHints":{"allow":["GET"]}}],"collection":[{"href":"http:\/\/www.tatwortimnetz.de\/Kunst\/wp-json\/wp\/v2\/tribe_events"}],"about":[{"href":"http:\/\/www.tatwortimnetz.de\/Kunst\/wp-json\/wp\/v2\/types\/tribe_events"}],"author":[{"embeddable":true,"href":"http:\/\/www.tatwortimnetz.de\/Kunst\/wp-json\/wp\/v2\/users\/1"}],"replies":[{"embeddable":true,"href":"http:\/\/www.tatwortimnetz.de\/Kunst\/wp-json\/wp\/v2\/comments?post=706"}],"version-history":[{"count":1,"href":"http:\/\/www.tatwortimnetz.de\/Kunst\/wp-json\/wp\/v2\/tribe_events\/706\/revisions"}],"predecessor-version":[{"id":709,"href":"http:\/\/www.tatwortimnetz.de\/Kunst\/wp-json\/wp\/v2\/tribe_events\/706\/revisions\/709"}],"wp:featuredmedia":[{"embeddable":true,"href":"http:\/\/www.tatwortimnetz.de\/Kunst\/wp-json\/wp\/v2\/media\/864"}],"wp:attachment":[{"href":"http:\/\/www.tatwortimnetz.de\/Kunst\/wp-json\/wp\/v2\/media?parent=706"}],"wp:term":[{"taxonomy":"post_tag","embeddable":true,"href":"http:\/\/www.tatwortimnetz.de\/Kunst\/wp-json\/wp\/v2\/tags?post=706"},{"taxonomy":"tribe_events_cat","embeddable":true,"href":"http:\/\/www.tatwortimnetz.de\/Kunst\/wp-json\/wp\/v2\/tribe_events_cat?post=706"}],"curies":[{"name":"wp","href":"https:\/\/api.w.org\/{rel}","templated":true}]}}

<p>Annelise Kretschmer (1903–1987) zählt zu den bedeutenden deutschen Fotografinnen, deren Arbeiten bereits in der Zeit der Weimarer Republik internationale Anerkennung erhielten. Mit ihrem besonderen Interesse an und ihrem Gespür für Menschen gelangen ihr eindringliche Porträtaufnahmen, die als das herausragende Charakteristikum ihres Schaffens gelten. Das LWL-Museum für Kunst und Kultur in Münster, das seit Ende 2019 den Nachlass Kretschmers verwaltet, widmet dem Lebenswerk der in Dortmund geborenen Fotografin im Frühjahr 2022 eine umfangreiche Sonderausstellung, die alle Schaffensphasen beleuchtet und ihrem bevorzugten Motiv – dem Porträt – einen besonderen Schwerpunkt einräumt. Die Ausstellung entsteht in Kooperation mit dem LWL-Medienzentrum für Westfalen.</p>
<p>Gefördert durch: Ministerium für Kultur und Wissenschaft NRW, Kunststiftung NRW, Kulturstiftung der Länder</p>

<p>Annelise Kretschmer (1903–1987) zählt zu den bedeutenden deutschen Fotografinnen, deren Arbeiten bereits in der Zeit der Weimarer Republik internationale Anerkennung erhielten. Mit ihrem besonderen Interesse an und ihrem Gespür für [&hellip;]</p>
