{"id":726,"date":"2022-02-28T21:11:51","date_gmt":"2022-02-28T20:11:51","guid":{"rendered":"https:\/\/www.tatwortimnetz.de\/Kunst\/?post_type=tribe_events&#038;p=726"},"modified":"2022-02-28T21:20:29","modified_gmt":"2022-02-28T20:20:29","slug":"open-wall-2022","status":"publish","type":"tribe_events","link":"http:\/\/www.tatwortimnetz.de\/Kunst\/event\/open-wall-2022\/","title":{"rendered":"Open Wall 2022"},"content":{"rendered":"<p>Malerei, Zeichnung, Druck, Fotografie oder Collage.<br \/>\nDie j\u00e4hrliche Gruppenausstellung Open Wall zeigt auch 2022 wieder Laien- neben Profik\u00fcnstlern.<br \/>\nAm Tag der Er\u00f6ffnung (2. Mai) f\u00fchrt Dr. Annette Georgi in gewohnt charmant-kompetenter Weise in ausgesuchte Werke ein. Im Anschluss wartet auf die K\u00fcnstlerinnen, K\u00fcnstler und G\u00e4ste der Er\u00f6ffnung ein besonderes Bonbon: Das Open Wall Team l\u00e4dt zu einem Umtrunk und Austausch im Freien zur Sommerb\u00fchne hinter dem Kap.8. Hier untermalen musikalisch Jan Klare und Martin Scholz mit Jazz-Standards den ausklingenden Abend.<\/p>\n","protected":false},"excerpt":{"rendered":"<p>Malerei, Zeichnung, Druck, Fotografie oder Collage. Die j\u00e4hrliche Gruppenausstellung Open Wall zeigt auch 2022 wieder Laien- neben Profik\u00fcnstlern. Am Tag der Er\u00f6ffnung (2. Mai) f\u00fchrt Dr. Annette Georgi in gewohnt [&hellip;]<\/p>\n","protected":false},"author":1,"featured_media":729,"comment_status":"open","ping_status":"closed","template":"","meta":{"_tribe_events_status":"","_tribe_events_status_reason":"","footnotes":""},"tags":[],"tribe_events_cat":[],"class_list":["post-726","tribe_events","type-tribe_events","status-publish","has-post-thumbnail","hentry"],"_links":{"self":[{"href":"http:\/\/www.tatwortimnetz.de\/Kunst\/wp-json\/wp\/v2\/tribe_events\/726","targetHints":{"allow":["GET"]}}],"collection":[{"href":"http:\/\/www.tatwortimnetz.de\/Kunst\/wp-json\/wp\/v2\/tribe_events"}],"about":[{"href":"http:\/\/www.tatwortimnetz.de\/Kunst\/wp-json\/wp\/v2\/types\/tribe_events"}],"author":[{"embeddable":true,"href":"http:\/\/www.tatwortimnetz.de\/Kunst\/wp-json\/wp\/v2\/users\/1"}],"replies":[{"embeddable":true,"href":"http:\/\/www.tatwortimnetz.de\/Kunst\/wp-json\/wp\/v2\/comments?post=726"}],"version-history":[{"count":2,"href":"http:\/\/www.tatwortimnetz.de\/Kunst\/wp-json\/wp\/v2\/tribe_events\/726\/revisions"}],"predecessor-version":[{"id":728,"href":"http:\/\/www.tatwortimnetz.de\/Kunst\/wp-json\/wp\/v2\/tribe_events\/726\/revisions\/728"}],"wp:featuredmedia":[{"embeddable":true,"href":"http:\/\/www.tatwortimnetz.de\/Kunst\/wp-json\/wp\/v2\/media\/729"}],"wp:attachment":[{"href":"http:\/\/www.tatwortimnetz.de\/Kunst\/wp-json\/wp\/v2\/media?parent=726"}],"wp:term":[{"taxonomy":"post_tag","embeddable":true,"href":"http:\/\/www.tatwortimnetz.de\/Kunst\/wp-json\/wp\/v2\/tags?post=726"},{"taxonomy":"tribe_events_cat","embeddable":true,"href":"http:\/\/www.tatwortimnetz.de\/Kunst\/wp-json\/wp\/v2\/tribe_events_cat?post=726"}],"curies":[{"name":"wp","href":"https:\/\/api.w.org\/{rel}","templated":true}]}}

<p>Malerei, Zeichnung, Druck, Fotografie oder Collage.<br />
Die jährliche Gruppenausstellung Open Wall zeigt auch 2022 wieder Laien- neben Profikünstlern.<br />
Am Tag der Eröffnung (2. Mai) führt Dr. Annette Georgi in gewohnt charmant-kompetenter Weise in ausgesuchte Werke ein. Im Anschluss wartet auf die Künstlerinnen, Künstler und Gäste der Eröffnung ein besonderes Bonbon: Das Open Wall Team lädt zu einem Umtrunk und Austausch im Freien zur Sommerbühne hinter dem Kap.8. Hier untermalen musikalisch Jan Klare und Martin Scholz mit Jazz-Standards den ausklingenden Abend.</p>

<p>Malerei, Zeichnung, Druck, Fotografie oder Collage. Die jährliche Gruppenausstellung Open Wall zeigt auch 2022 wieder Laien- neben Profikünstlern. Am Tag der Eröffnung (2. Mai) führt Dr. Annette Georgi in gewohnt [&hellip;]</p>
