{"id":745,"date":"2022-03-08T11:23:27","date_gmt":"2022-03-08T10:23:27","guid":{"rendered":"http:\/\/www.tatwortimnetz.de\/Kunst\/?post_type=tribe_events&#038;p=745"},"modified":"2022-03-08T11:25:05","modified_gmt":"2022-03-08T10:25:05","slug":"bernhard-pankok-ganz-privat","status":"publish","type":"tribe_events","link":"http:\/\/www.tatwortimnetz.de\/Kunst\/event\/bernhard-pankok-ganz-privat\/","title":{"rendered":"Bernhard Pankok \u2013 ganz privat"},"content":{"rendered":"<p>Bernhard Pankok (1872 \u2013 1943) z\u00e4hlt als einer der f\u00fchrenden Kunsthandwerker des Jugendstils zu den bedeutendsten K\u00fcnstlern seiner Zeit in Deutschland. Das Werk des M\u00fcnsteraners umfasst viele Bereiche des Kunsthandwerks, aber auch einige Gesamtkunstwerke im Bereich der Innenarchitektur. Darunter das Wohn- und Speisezimmer seines Sommerhauses in Baierbrunn; ein Glanzst\u00fcck der st\u00e4ndigen Schausammlung des Stadtmuseums und das einzige erhaltene, vollst\u00e4ndige Einrichtungsensemble des K\u00fcnstlers. Die Ausstellung zu seinem 150. Geburtstag, welche Familiengem\u00e4lde und Karikaturen des ausgebildeten Malers teilweise erstmalig der \u00d6ffentlichkeit pr\u00e4sentiert, bietet einen pers\u00f6nlichen Zugang zum Menschen Bernhard Pankok. Sie r\u00fcckt seine Rolle als liebevoller Familienmensch und leicht vergesslicher Ehemann, der gerne selbstgemalte Gutscheine verschenkte, in den Vordergrund.<\/p>\n","protected":false},"excerpt":{"rendered":"<p>Bernhard Pankok (1872 \u2013 1943) z\u00e4hlt als einer der f\u00fchrenden Kunsthandwerker des Jugendstils zu den bedeutendsten K\u00fcnstlern seiner Zeit in Deutschland. Das Werk des M\u00fcnsteraners umfasst viele Bereiche des Kunsthandwerks, [&hellip;]<\/p>\n","protected":false},"author":1,"featured_media":748,"comment_status":"open","ping_status":"closed","template":"","meta":{"_tribe_events_status":"","_tribe_events_status_reason":"","footnotes":""},"tags":[],"tribe_events_cat":[],"class_list":["post-745","tribe_events","type-tribe_events","status-publish","has-post-thumbnail","hentry"],"_links":{"self":[{"href":"http:\/\/www.tatwortimnetz.de\/Kunst\/wp-json\/wp\/v2\/tribe_events\/745","targetHints":{"allow":["GET"]}}],"collection":[{"href":"http:\/\/www.tatwortimnetz.de\/Kunst\/wp-json\/wp\/v2\/tribe_events"}],"about":[{"href":"http:\/\/www.tatwortimnetz.de\/Kunst\/wp-json\/wp\/v2\/types\/tribe_events"}],"author":[{"embeddable":true,"href":"http:\/\/www.tatwortimnetz.de\/Kunst\/wp-json\/wp\/v2\/users\/1"}],"replies":[{"embeddable":true,"href":"http:\/\/www.tatwortimnetz.de\/Kunst\/wp-json\/wp\/v2\/comments?post=745"}],"version-history":[{"count":1,"href":"http:\/\/www.tatwortimnetz.de\/Kunst\/wp-json\/wp\/v2\/tribe_events\/745\/revisions"}],"predecessor-version":[{"id":746,"href":"http:\/\/www.tatwortimnetz.de\/Kunst\/wp-json\/wp\/v2\/tribe_events\/745\/revisions\/746"}],"wp:featuredmedia":[{"embeddable":true,"href":"http:\/\/www.tatwortimnetz.de\/Kunst\/wp-json\/wp\/v2\/media\/748"}],"wp:attachment":[{"href":"http:\/\/www.tatwortimnetz.de\/Kunst\/wp-json\/wp\/v2\/media?parent=745"}],"wp:term":[{"taxonomy":"post_tag","embeddable":true,"href":"http:\/\/www.tatwortimnetz.de\/Kunst\/wp-json\/wp\/v2\/tags?post=745"},{"taxonomy":"tribe_events_cat","embeddable":true,"href":"http:\/\/www.tatwortimnetz.de\/Kunst\/wp-json\/wp\/v2\/tribe_events_cat?post=745"}],"curies":[{"name":"wp","href":"https:\/\/api.w.org\/{rel}","templated":true}]}}

<p>Bernhard Pankok (1872 – 1943) zählt als einer der führenden Kunsthandwerker des Jugendstils zu den bedeutendsten Künstlern seiner Zeit in Deutschland. Das Werk des Münsteraners umfasst viele Bereiche des Kunsthandwerks, aber auch einige Gesamtkunstwerke im Bereich der Innenarchitektur. Darunter das Wohn- und Speisezimmer seines Sommerhauses in Baierbrunn; ein Glanzstück der ständigen Schausammlung des Stadtmuseums und das einzige erhaltene, vollständige Einrichtungsensemble des Künstlers. Die Ausstellung zu seinem 150. Geburtstag, welche Familiengemälde und Karikaturen des ausgebildeten Malers teilweise erstmalig der Öffentlichkeit präsentiert, bietet einen persönlichen Zugang zum Menschen Bernhard Pankok. Sie rückt seine Rolle als liebevoller Familienmensch und leicht vergesslicher Ehemann, der gerne selbstgemalte Gutscheine verschenkte, in den Vordergrund.</p>

<p>Bernhard Pankok (1872 – 1943) zählt als einer der führenden Kunsthandwerker des Jugendstils zu den bedeutendsten Künstlern seiner Zeit in Deutschland. Das Werk des Münsteraners umfasst viele Bereiche des Kunsthandwerks, [&hellip;]</p>
