{"id":963,"date":"2022-05-06T13:21:06","date_gmt":"2022-05-06T11:21:06","guid":{"rendered":"http:\/\/www.tatwortimnetz.de\/Kunst\/?post_type=tribe_events&#038;p=963"},"modified":"2022-05-06T13:21:06","modified_gmt":"2022-05-06T11:21:06","slug":"christoph-otto-hetzel-ben-dixen-holz-stein","status":"publish","type":"tribe_events","link":"http:\/\/www.tatwortimnetz.de\/Kunst\/event\/christoph-otto-hetzel-ben-dixen-holz-stein\/","title":{"rendered":"Christoph Otto Hetzel \u2013 Ben Dixen.  Holz &#038; Stein."},"content":{"rendered":"<p><strong>Ausstellungser\u00f6ffnung<\/strong><\/p>\n<p>Christoph Otto Hetzel \u2013 Ben Dixen<br \/>\nHolz &amp; Stein<\/p>\n<p>15.05.2022 um 15 Uhr<br \/>\n<strong>Begr\u00fc\u00dfung<\/strong>: Ortrud Harhues<br \/>\n<strong>Musik<\/strong>: Helmut Krack (Cello)<\/p>\n<p><strong>Einf\u00fchrung<\/strong>: Prof. Norbert Nowotsch<\/p>\n<p><strong>\u00d6ffnungszeiten<\/strong>:\u00a0 15.05.\/ 21.05.\/ 26.05.\/ 29.05\/ 05.06.\/ 06.06\/ 11.06.\/ 12.06<\/p>\n<p>15 bis 17 Uhr<\/p>\n<p>Erphokirche M\u00fcnster, Ostmarkstra\u00dfe 21<\/p>\n","protected":false},"excerpt":{"rendered":"<p>Ausstellungser\u00f6ffnung Christoph Otto Hetzel \u2013 Ben Dixen Holz &amp; Stein 15.05.2022 um 15 Uhr Begr\u00fc\u00dfung: Ortrud Harhues Musik: Helmut Krack (Cello) Einf\u00fchrung: Prof. Norbert Nowotsch \u00d6ffnungszeiten:\u00a0 15.05.\/ 21.05.\/ 26.05.\/ 29.05\/ [&hellip;]<\/p>\n","protected":false},"author":1,"featured_media":964,"comment_status":"open","ping_status":"closed","template":"","meta":{"_tribe_events_status":"","_tribe_events_status_reason":"","footnotes":""},"tags":[],"tribe_events_cat":[],"class_list":["post-963","tribe_events","type-tribe_events","status-publish","has-post-thumbnail","hentry"],"_links":{"self":[{"href":"http:\/\/www.tatwortimnetz.de\/Kunst\/wp-json\/wp\/v2\/tribe_events\/963","targetHints":{"allow":["GET"]}}],"collection":[{"href":"http:\/\/www.tatwortimnetz.de\/Kunst\/wp-json\/wp\/v2\/tribe_events"}],"about":[{"href":"http:\/\/www.tatwortimnetz.de\/Kunst\/wp-json\/wp\/v2\/types\/tribe_events"}],"author":[{"embeddable":true,"href":"http:\/\/www.tatwortimnetz.de\/Kunst\/wp-json\/wp\/v2\/users\/1"}],"replies":[{"embeddable":true,"href":"http:\/\/www.tatwortimnetz.de\/Kunst\/wp-json\/wp\/v2\/comments?post=963"}],"version-history":[{"count":1,"href":"http:\/\/www.tatwortimnetz.de\/Kunst\/wp-json\/wp\/v2\/tribe_events\/963\/revisions"}],"predecessor-version":[{"id":965,"href":"http:\/\/www.tatwortimnetz.de\/Kunst\/wp-json\/wp\/v2\/tribe_events\/963\/revisions\/965"}],"wp:featuredmedia":[{"embeddable":true,"href":"http:\/\/www.tatwortimnetz.de\/Kunst\/wp-json\/wp\/v2\/media\/964"}],"wp:attachment":[{"href":"http:\/\/www.tatwortimnetz.de\/Kunst\/wp-json\/wp\/v2\/media?parent=963"}],"wp:term":[{"taxonomy":"post_tag","embeddable":true,"href":"http:\/\/www.tatwortimnetz.de\/Kunst\/wp-json\/wp\/v2\/tags?post=963"},{"taxonomy":"tribe_events_cat","embeddable":true,"href":"http:\/\/www.tatwortimnetz.de\/Kunst\/wp-json\/wp\/v2\/tribe_events_cat?post=963"}],"curies":[{"name":"wp","href":"https:\/\/api.w.org\/{rel}","templated":true}]}}

<p><strong>Ausstellungseröffnung</strong></p>
<p>Christoph Otto Hetzel – Ben Dixen<br />
Holz &amp; Stein</p>
<p>15.05.2022 um 15 Uhr<br />
<strong>Begrüßung</strong>: Ortrud Harhues<br />
<strong>Musik</strong>: Helmut Krack (Cello)</p>
<p><strong>Einführung</strong>: Prof. Norbert Nowotsch</p>
<p><strong>Öffnungszeiten</strong>:  15.05./ 21.05./ 26.05./ 29.05/ 05.06./ 06.06/ 11.06./ 12.06</p>
<p>15 bis 17 Uhr</p>
<p>Erphokirche Münster, Ostmarkstraße 21</p>

<p>Ausstellungseröffnung Christoph Otto Hetzel – Ben Dixen Holz &amp; Stein 15.05.2022 um 15 Uhr Begrüßung: Ortrud Harhues Musik: Helmut Krack (Cello) Einführung: Prof. Norbert Nowotsch Öffnungszeiten:  15.05./ 21.05./ 26.05./ 29.05/ [&hellip;]</p>
